Last updated on 2025-10-27 19:53:05 CET.
| Flavor | Version | Tinstall | Tcheck | Ttotal | Status | Flags |
|---|---|---|---|---|---|---|
| r-devel-linux-x86_64-debian-clang | 1.5 | 2.46 | 38.55 | 41.01 | NOTE | |
| r-devel-linux-x86_64-debian-gcc | 1.6.1 | 5.49 | 56.89 | 62.38 | OK | |
| r-devel-linux-x86_64-fedora-clang | 1.6.1 | 15.00 | 105.26 | 120.26 | OK | |
| r-devel-linux-x86_64-fedora-gcc | 1.6.1 | 33.00 | 108.18 | 141.18 | OK | |
| r-devel-windows-x86_64 | 1.5 | 4.00 | 73.00 | 77.00 | NOTE | |
| r-patched-linux-x86_64 | 1.5 | 2.36 | 36.94 | 39.30 | NOTE | |
| r-release-linux-x86_64 | 1.5 | 2.28 | 36.85 | 39.13 | NOTE | |
| r-release-macos-arm64 | 1.6.1 | 3.00 | 72.00 | 75.00 | OK | |
| r-release-macos-x86_64 | 1.6.1 | 19.00 | 187.00 | 206.00 | OK | |
| r-release-windows-x86_64 | 1.5 | 4.00 | 78.00 | 82.00 | NOTE | |
| r-oldrel-macos-arm64 | 1.6.1 | 3.00 | 47.00 | 50.00 | OK | |
| r-oldrel-macos-x86_64 | 1.6.1 | 15.00 | 180.00 | 195.00 | OK | |
| r-oldrel-windows-x86_64 | 1.6.1 | 12.00 | 96.00 | 108.00 | OK |
Version: 1.5
Check: CRAN incoming feasibility
Result: NOTE
Maintainer: ‘Daniel J. Stekhoven <stekhoven@stat.math.ethz.ch>’
No Authors@R field in DESCRIPTION.
Please add one, modifying
Authors@R: person(given = c("Daniel", "J."),
family = "Stekhoven",
role = c("aut", "cre"),
email = "stekhoven@stat.math.ethz.ch")
as necessary.
Package CITATION file contains call(s) to old-style personList() or
as.personList(). Please use c() on person objects instead.
Package CITATION file contains call(s) to old-style citEntry(). Please
use bibentry() instead.
Flavor: r-devel-linux-x86_64-debian-clang
Version: 1.5
Check: Rd cross-references
Result: NOTE
Found the following Rd file(s) with Rd \link{} targets missing package
anchors:
missForest.Rd: randomForest
Please provide package anchors for all Rd \link{} targets not in the
package itself and the base packages.
Flavors: r-devel-linux-x86_64-debian-clang, r-devel-windows-x86_64, r-patched-linux-x86_64, r-release-linux-x86_64, r-release-windows-x86_64