CRAN Package Check Results for Package midas2

Last updated on 2025-07-18 08:51:05 CEST.

Flavor Version Tinstall Tcheck Ttotal Status Flags
r-devel-linux-x86_64-debian-clang 1.1.0 2.55 24.98 27.53 NOTE
r-devel-linux-x86_64-debian-gcc 1.1.0 1.75 20.22 21.97 NOTE
r-devel-linux-x86_64-fedora-clang 1.1.0 42.29 OK
r-devel-linux-x86_64-fedora-gcc 1.1.0 40.24 OK
r-devel-windows-x86_64 1.1.0 4.00 46.00 50.00 OK
r-patched-linux-x86_64 1.1.0 2.64 23.66 26.30 OK
r-release-linux-x86_64 1.1.0 2.41 23.25 25.66 OK
r-release-macos-arm64 1.1.0 20.00 OK
r-release-macos-x86_64 1.1.0 34.00 OK
r-release-windows-x86_64 1.1.0 4.00 45.00 49.00 OK
r-oldrel-macos-arm64 1.1.0 17.00 OK
r-oldrel-macos-x86_64 1.1.0 24.00 OK
r-oldrel-windows-x86_64 1.1.0 5.00 48.00 53.00 OK

Check Details

Version: 1.1.0
Check: CRAN incoming feasibility
Result: NOTE Maintainer: ‘Su Liwen <cpusullivan@163.com>’ No Authors@R field in DESCRIPTION. Please add one, modifying Authors@R: person(given = "Su", family = "Liwen", role = c("aut", "cre"), email = "cpusullivan@163.com") as necessary. Flavors: r-devel-linux-x86_64-debian-clang, r-devel-linux-x86_64-debian-gcc