Last updated on 2025-07-18 08:51:05 CEST.
Flavor | Version | Tinstall | Tcheck | Ttotal | Status | Flags |
---|---|---|---|---|---|---|
r-devel-linux-x86_64-debian-clang | 1.1 | 92.95 | 390.39 | 483.34 | OK | |
r-devel-linux-x86_64-debian-gcc | 1.1 | 69.98 | 259.65 | 329.63 | OK | |
r-devel-linux-x86_64-fedora-clang | 1.1 | 761.34 | OK | |||
r-devel-linux-x86_64-fedora-gcc | 1.1 | 759.62 | OK | |||
r-devel-windows-x86_64 | 1.1 | 88.00 | 322.00 | 410.00 | OK | |
r-patched-linux-x86_64 | 1.1 | 91.51 | 374.62 | 466.13 | OK | |
r-release-linux-x86_64 | 1.1 | 89.67 | 376.03 | 465.70 | OK | |
r-release-macos-arm64 | 1.1 | 178.00 | OK | |||
r-release-macos-x86_64 | 1.1 | 302.00 | OK | |||
r-release-windows-x86_64 | 1.1 | 88.00 | 316.00 | 404.00 | OK | |
r-oldrel-macos-arm64 | 1.1 | 171.00 | NOTE | |||
r-oldrel-macos-x86_64 | 1.1 | 365.00 | NOTE | |||
r-oldrel-windows-x86_64 | 1.1 | 117.00 | 444.00 | 561.00 | NOTE |
Version: 1.1
Check: installed package size
Result: NOTE
installed size is 25.3Mb
sub-directories of 1Mb or more:
doc 3.9Mb
libs 20.7Mb
Flavors: r-oldrel-macos-arm64, r-oldrel-macos-x86_64, r-oldrel-windows-x86_64