Last updated on 2025-07-18 08:51:05 CEST.
Flavor | Version | Tinstall | Tcheck | Ttotal | Status | Flags |
---|---|---|---|---|---|---|
r-devel-linux-x86_64-debian-clang | 1.17 | 110.33 | 174.12 | 284.45 | OK | |
r-devel-linux-x86_64-debian-gcc | 1.17 | 69.16 | 112.81 | 181.97 | OK | |
r-devel-linux-x86_64-fedora-clang | 1.17 | 462.24 | OK | |||
r-devel-linux-x86_64-fedora-gcc | 1.17 | 456.41 | OK | |||
r-devel-windows-x86_64 | 1.17 | 107.00 | 197.00 | 304.00 | OK | |
r-patched-linux-x86_64 | 1.17 | 110.41 | 159.26 | 269.67 | OK | |
r-release-linux-x86_64 | 1.17 | 108.11 | 160.92 | 269.03 | OK | |
r-release-macos-arm64 | 1.17 | 110.00 | OK | |||
r-release-macos-x86_64 | 1.17 | 188.00 | OK | |||
r-release-windows-x86_64 | 1.17 | 109.00 | 197.00 | 306.00 | OK | |
r-oldrel-macos-arm64 | 1.17 | 129.00 | NOTE | |||
r-oldrel-macos-x86_64 | 1.17 | 319.00 | NOTE | |||
r-oldrel-windows-x86_64 | 1.17 | 138.00 | 254.00 | 392.00 | OK |
Version: 1.17
Check: installed package size
Result: NOTE
installed size is 9.5Mb
sub-directories of 1Mb or more:
data 1.1Mb
libs 6.5Mb
Flavors: r-oldrel-macos-arm64, r-oldrel-macos-x86_64