Last updated on 2025-07-18 08:51:05 CEST.
Flavor | Version | Tinstall | Tcheck | Ttotal | Status | Flags |
---|---|---|---|---|---|---|
r-devel-linux-x86_64-debian-clang | 0.1.3 | 4.13 | 41.46 | 45.59 | OK | |
r-devel-linux-x86_64-debian-gcc | 0.1.3 | 2.72 | 31.54 | 34.26 | OK | |
r-devel-linux-x86_64-fedora-clang | 0.1.3 | 68.76 | OK | |||
r-devel-linux-x86_64-fedora-gcc | 0.1.3 | 78.17 | OK | |||
r-devel-windows-x86_64 | 0.1.3 | 6.00 | 57.00 | 63.00 | OK | |
r-patched-linux-x86_64 | 0.1.3 | 3.34 | 37.16 | 40.50 | OK | |
r-release-linux-x86_64 | 0.1.3 | 4.05 | 37.20 | 41.25 | OK | |
r-release-macos-arm64 | 0.1.3 | 29.00 | OK | |||
r-release-macos-x86_64 | 0.1.3 | 59.00 | OK | |||
r-release-windows-x86_64 | 0.1.3 | 6.00 | 58.00 | 64.00 | OK | |
r-oldrel-macos-arm64 | 0.1.3 | 29.00 | NOTE | |||
r-oldrel-macos-x86_64 | 0.1.3 | 44.00 | NOTE | |||
r-oldrel-windows-x86_64 | 0.1.3 | 8.00 | 61.00 | 69.00 | NOTE |
Version: 0.1.3
Check: LazyData
Result: NOTE
'LazyData' is specified without a 'data' directory
Flavors: r-oldrel-macos-arm64, r-oldrel-macos-x86_64, r-oldrel-windows-x86_64