Last updated on 2025-07-18 08:51:04 CEST.
Flavor | Version | Tinstall | Tcheck | Ttotal | Status | Flags |
---|---|---|---|---|---|---|
r-devel-linux-x86_64-debian-clang | 0.10.1 | 15.74 | 137.56 | 153.30 | NOTE | |
r-devel-linux-x86_64-debian-gcc | 0.10.1 | 9.43 | 96.46 | 105.89 | NOTE | |
r-devel-linux-x86_64-fedora-clang | 0.10.1 | 230.17 | OK | |||
r-devel-linux-x86_64-fedora-gcc | 0.10.1 | 217.99 | OK | |||
r-devel-windows-x86_64 | 0.10.1 | 16.00 | 141.00 | 157.00 | OK | |
r-patched-linux-x86_64 | 0.10.1 | 15.23 | 129.65 | 144.88 | OK | |
r-release-linux-x86_64 | 0.10.1 | 13.58 | 128.55 | 142.13 | OK | |
r-release-macos-arm64 | 0.10.1 | 60.00 | OK | |||
r-release-macos-x86_64 | 0.10.1 | 115.00 | OK | |||
r-release-windows-x86_64 | 0.10.1 | 18.00 | 137.00 | 155.00 | OK | |
r-oldrel-macos-arm64 | 0.10.1 | 64.00 | OK | |||
r-oldrel-macos-x86_64 | 0.10.1 | 103.00 | OK | |||
r-oldrel-windows-x86_64 | 0.10.1 | 20.00 | 175.00 | 195.00 | OK |
Version: 0.10.1
Check: CRAN incoming feasibility
Result: NOTE
Maintainer: ‘Lars Kotthoff <larsko@uwyo.edu>’
No Authors@R field in DESCRIPTION.
Please add one, modifying
Authors@R: c(person(given = "Lars",
family = "Kotthoff",
role = c("aut", "cre"),
email = "larsko@uwyo.edu"),
person(given = "Bernd",
family = "Bischl",
role = "aut"),
person(given = "Barry",
family = "Hurley",
role = "ctb"),
person(given = "Talal",
family = "Rahwan",
role = "ctb"),
person(given = "Damir",
family = "Pulatov",
role = "ctb"))
as necessary.
Flavors: r-devel-linux-x86_64-debian-clang, r-devel-linux-x86_64-debian-gcc