Last updated on 2025-07-18 08:51:03 CEST.
Flavor | Version | Tinstall | Tcheck | Ttotal | Status | Flags |
---|---|---|---|---|---|---|
r-devel-linux-x86_64-debian-clang | 0.0.2 | 29.25 | 64.02 | 93.27 | NOTE | |
r-devel-linux-x86_64-debian-gcc | 0.0.2 | 23.92 | 45.98 | 69.90 | NOTE | |
r-devel-linux-x86_64-fedora-clang | 0.0.2 | 163.73 | NOTE | |||
r-devel-linux-x86_64-fedora-gcc | 0.0.2 | 168.40 | NOTE | |||
r-devel-windows-x86_64 | 0.0.2 | 37.00 | 97.00 | 134.00 | NOTE | |
r-patched-linux-x86_64 | 0.0.2 | 30.94 | 58.25 | 89.19 | NOTE | |
r-release-linux-x86_64 | 0.0.2 | 30.21 | 57.61 | 87.82 | NOTE | |
r-release-macos-arm64 | 0.0.2 | 54.00 | NOTE | |||
r-release-macos-x86_64 | 0.0.2 | 115.00 | NOTE | |||
r-release-windows-x86_64 | 0.0.2 | 37.00 | 94.00 | 131.00 | NOTE | |
r-oldrel-macos-arm64 | 0.0.2 | 48.00 | NOTE | |||
r-oldrel-macos-x86_64 | 0.0.2 | 102.00 | NOTE | |||
r-oldrel-windows-x86_64 | 0.0.2 | 44.00 | 116.00 | 160.00 | NOTE |
Version: 0.0.2
Check: C++ specification
Result: NOTE
Specified C++11: please drop specification unless essential
Flavors: r-devel-linux-x86_64-debian-clang, r-devel-linux-x86_64-debian-gcc, r-devel-linux-x86_64-fedora-clang, r-devel-linux-x86_64-fedora-gcc, r-devel-windows-x86_64, r-patched-linux-x86_64, r-release-linux-x86_64, r-release-macos-arm64, r-release-macos-x86_64, r-release-windows-x86_64, r-oldrel-macos-arm64, r-oldrel-macos-x86_64, r-oldrel-windows-x86_64
Version: 0.0.2
Check: package subdirectories
Result: NOTE
Problems with news in ‘NEWS.md’:
No news entries found.
Flavors: r-devel-linux-x86_64-debian-clang, r-devel-linux-x86_64-debian-gcc, r-devel-linux-x86_64-fedora-clang, r-devel-linux-x86_64-fedora-gcc, r-devel-windows-x86_64, r-patched-linux-x86_64, r-release-linux-x86_64, r-release-macos-arm64, r-release-macos-x86_64, r-release-windows-x86_64, r-oldrel-macos-arm64, r-oldrel-macos-x86_64, r-oldrel-windows-x86_64