Last updated on 2025-10-26 18:50:15 CET.
| Flavor | Version | Tinstall | Tcheck | Ttotal | Status | Flags |
|---|---|---|---|---|---|---|
| r-devel-linux-x86_64-debian-clang | 0.4.0 | 5.06 | 56.39 | 61.45 | NOTE | |
| r-devel-linux-x86_64-debian-gcc | 0.4.0 | 3.09 | 39.06 | 42.15 | NOTE | |
| r-devel-linux-x86_64-fedora-clang | 0.4.0 | 27.00 | 71.34 | 98.34 | NOTE | |
| r-devel-linux-x86_64-fedora-gcc | 0.4.0 | 11.00 | 68.61 | 79.61 | NOTE | |
| r-devel-windows-x86_64 | 0.4.0 | 6.00 | 66.00 | 72.00 | NOTE | |
| r-patched-linux-x86_64 | 0.4.0 | 4.97 | 50.24 | 55.21 | NOTE | |
| r-release-linux-x86_64 | 0.4.0 | 4.71 | 51.10 | 55.81 | NOTE | |
| r-release-macos-arm64 | 0.4.0 | 2.00 | 26.00 | 28.00 | NOTE | |
| r-release-macos-x86_64 | 0.4.0 | 5.00 | 48.00 | 53.00 | NOTE | |
| r-release-windows-x86_64 | 0.4.0 | 7.00 | 68.00 | 75.00 | NOTE | |
| r-oldrel-macos-arm64 | 0.4.0 | 2.00 | 29.00 | 31.00 | OK | |
| r-oldrel-macos-x86_64 | 0.4.0 | 4.00 | 52.00 | 56.00 | OK | |
| r-oldrel-windows-x86_64 | 0.4.0 | 8.00 | 84.00 | 92.00 | OK |
Version: 0.4.0
Check: DESCRIPTION meta-information
Result: NOTE
Missing dependency on R >= 4.1.0 because package code uses the pipe
|> or function shorthand \(...) syntax added in R 4.1.0.
File(s) using such syntax:
‘kappa_inference.R’
Flavors: r-devel-linux-x86_64-debian-clang, r-devel-linux-x86_64-debian-gcc, r-devel-linux-x86_64-fedora-clang, r-devel-linux-x86_64-fedora-gcc, r-devel-windows-x86_64, r-patched-linux-x86_64, r-release-linux-x86_64, r-release-macos-arm64, r-release-macos-x86_64, r-release-windows-x86_64