Last updated on 2025-10-26 18:50:13 CET.
| Flavor | Version | Tinstall | Tcheck | Ttotal | Status | Flags |
|---|---|---|---|---|---|---|
| r-devel-linux-x86_64-debian-clang | 0.1.0 | 5.11 | 50.74 | 55.85 | OK | |
| r-devel-linux-x86_64-debian-gcc | 0.1.0 | 3.82 | 38.90 | 42.72 | OK | |
| r-devel-linux-x86_64-fedora-clang | 0.1.0 | 13.00 | 67.41 | 80.41 | OK | |
| r-devel-linux-x86_64-fedora-gcc | 0.1.0 | 11.00 | 78.55 | 89.55 | OK | |
| r-devel-windows-x86_64 | 0.1.0 | 7.00 | 72.00 | 79.00 | OK | |
| r-patched-linux-x86_64 | 0.1.0 | 5.70 | 47.39 | 53.09 | OK | |
| r-release-linux-x86_64 | 0.1.0 | 5.25 | 47.30 | 52.55 | OK | |
| r-release-macos-arm64 | 0.1.0 | 3.00 | 34.00 | 37.00 | OK | |
| r-release-macos-x86_64 | 0.1.0 | 5.00 | 96.00 | 101.00 | OK | |
| r-release-windows-x86_64 | 0.1.0 | 9.00 | 75.00 | 84.00 | OK | |
| r-oldrel-macos-arm64 | 0.1.0 | 14.00 | 41.00 | 55.00 | NOTE | |
| r-oldrel-macos-x86_64 | 0.1.0 | 10.00 | 97.00 | 107.00 | NOTE | |
| r-oldrel-windows-x86_64 | 0.1.0 | 9.00 | 83.00 | 92.00 | NOTE |
Version: 0.1.0
Check: installed package size
Result: NOTE
installed size is 15.7Mb
sub-directories of 1Mb or more:
R 9.2Mb
data 6.3Mb
Flavors: r-oldrel-macos-arm64, r-oldrel-macos-x86_64, r-oldrel-windows-x86_64