Last updated on 2025-10-26 18:50:13 CET.
| Flavor | Version | Tinstall | Tcheck | Ttotal | Status | Flags |
|---|---|---|---|---|---|---|
| r-devel-linux-x86_64-debian-clang | 0.1.0 | 7.95 | 68.68 | 76.63 | OK | |
| r-devel-linux-x86_64-debian-gcc | 0.1.0 | 5.43 | 49.79 | 55.22 | OK | |
| r-devel-linux-x86_64-fedora-clang | 0.1.0 | 20.00 | 94.11 | 114.11 | OK | |
| r-devel-linux-x86_64-fedora-gcc | 0.1.0 | 17.00 | 89.24 | 106.24 | OK | |
| r-devel-windows-x86_64 | 0.1.0 | 9.00 | 74.00 | 83.00 | OK | |
| r-patched-linux-x86_64 | 0.1.0 | 7.14 | 64.98 | 72.12 | OK | |
| r-release-linux-x86_64 | 0.1.0 | 5.68 | 64.14 | 69.82 | OK | |
| r-release-macos-arm64 | 0.1.0 | 3.00 | 26.00 | 29.00 | OK | |
| r-release-macos-x86_64 | 0.1.0 | 7.00 | 56.00 | 63.00 | OK | |
| r-release-windows-x86_64 | 0.1.0 | 13.00 | 77.00 | 90.00 | OK | |
| r-oldrel-macos-arm64 | 0.1.0 | 3.00 | 27.00 | 30.00 | NOTE | |
| r-oldrel-macos-x86_64 | 0.1.0 | 5.00 | 58.00 | 63.00 | NOTE | |
| r-oldrel-windows-x86_64 | 0.1.0 | 13.00 | 94.00 | 107.00 | NOTE |
Version: 0.1.0
Check: LazyData
Result: NOTE
'LazyData' is specified without a 'data' directory
Flavors: r-oldrel-macos-arm64, r-oldrel-macos-x86_64, r-oldrel-windows-x86_64