Last updated on 2025-07-18 08:51:01 CEST.
Flavor | Version | Tinstall | Tcheck | Ttotal | Status | Flags |
---|---|---|---|---|---|---|
r-devel-linux-x86_64-debian-clang | 0.3.2 | 6.30 | 208.89 | 215.19 | NOTE | |
r-devel-linux-x86_64-debian-gcc | 0.3.2 | 4.13 | 133.66 | 137.79 | NOTE | |
r-devel-linux-x86_64-fedora-clang | 0.3.2 | 317.94 | OK | |||
r-devel-linux-x86_64-fedora-gcc | 0.3.2 | 329.48 | OK | |||
r-devel-windows-x86_64 | 0.3.2 | 8.00 | 221.00 | 229.00 | OK | |
r-patched-linux-x86_64 | 0.3.2 | 6.34 | 197.36 | 203.70 | OK | |
r-release-linux-x86_64 | 0.3.2 | 4.81 | 194.06 | 198.87 | OK | |
r-release-macos-arm64 | 0.3.2 | 115.00 | OK | |||
r-release-macos-x86_64 | 0.3.2 | 242.00 | OK | |||
r-release-windows-x86_64 | 0.3.2 | 8.00 | 223.00 | 231.00 | OK | |
r-oldrel-macos-arm64 | 0.3.2 | 111.00 | OK | |||
r-oldrel-macos-x86_64 | 0.3.2 | 184.00 | OK | |||
r-oldrel-windows-x86_64 | 0.3.2 | 10.00 | 283.00 | 293.00 | OK |
Version: 0.3.2
Check: CRAN incoming feasibility
Result: NOTE
Maintainer: ‘Martin Spindler <martin.spindler@gmx.de>’
The Description field contains
(2016) <arXiv:1603.01700>.
Please refer to arXiv e-prints via their arXiv DOI <doi:10.48550/arXiv.YYMM.NNNNN>.
Flavors: r-devel-linux-x86_64-debian-clang, r-devel-linux-x86_64-debian-gcc