Last updated on 2025-11-06 07:49:37 CET.
| Flavor | Version | Tinstall | Tcheck | Ttotal | Status | Flags |
|---|---|---|---|---|---|---|
| r-devel-linux-x86_64-debian-clang | 0.2.0 | 4.06 | 21.76 | 25.82 | OK | |
| r-devel-linux-x86_64-debian-gcc | 0.2.0 | 4.45 | 18.30 | 22.75 | OK | |
| r-devel-linux-x86_64-fedora-clang | 0.2.0 | 18.00 | 20.34 | 38.34 | OK | |
| r-devel-linux-x86_64-fedora-gcc | 0.2.0 | 10.00 | 23.26 | 33.26 | OK | |
| r-devel-windows-x86_64 | 0.2.0 | 6.00 | 36.00 | 42.00 | OK | |
| r-patched-linux-x86_64 | 0.2.0 | 4.39 | 19.60 | 23.99 | OK | |
| r-release-linux-x86_64 | 0.2.0 | 3.74 | 19.59 | 23.33 | OK | |
| r-release-macos-arm64 | 0.2.0 | 3.00 | 15.00 | 18.00 | OK | |
| r-release-macos-x86_64 | 0.2.0 | 9.00 | 24.00 | 33.00 | OK | |
| r-release-windows-x86_64 | 0.2.0 | 6.00 | 35.00 | 41.00 | OK | |
| r-oldrel-macos-arm64 | 0.2.0 | 3.00 | 14.00 | 17.00 | OK | |
| r-oldrel-macos-x86_64 | 0.2.0 | 9.00 | 23.00 | 32.00 | NOTE | |
| r-oldrel-windows-x86_64 | 0.2.0 | 6.00 | 37.00 | 43.00 | OK |
Version: 0.2.0
Check: installed package size
Result: NOTE
installed size is 5.3Mb
sub-directories of 1Mb or more:
data 4.5Mb
Flavor: r-oldrel-macos-x86_64