CRAN Package Check Results for Package gsalib

Last updated on 2025-11-06 07:49:36 CET.

Flavor Version Tinstall Tcheck Ttotal Status Flags
r-devel-linux-x86_64-debian-clang 2.2.1 1.53 18.55 20.08 NOTE
r-devel-linux-x86_64-debian-gcc 2.2.1 1.36 15.73 17.09 NOTE
r-devel-linux-x86_64-fedora-clang 2.2.1 31.63 OK
r-devel-linux-x86_64-fedora-gcc 2.2.1 28.37 OK
r-devel-windows-x86_64 2.2.1 4.00 35.00 39.00 OK
r-patched-linux-x86_64 2.2.1 1.52 17.95 19.47 OK
r-release-linux-x86_64 2.2.1 1.90 17.54 19.44 OK
r-release-macos-arm64 2.2.1 1.00 17.00 18.00 OK
r-release-macos-x86_64 2.2.1 2.00 20.00 22.00 OK
r-release-windows-x86_64 2.2.1 3.00 33.00 36.00 OK
r-oldrel-macos-arm64 2.2.1 1.00 12.00 13.00 OK
r-oldrel-macos-x86_64 2.2.1 1.00 17.00 18.00 OK
r-oldrel-windows-x86_64 2.2.1 2.00 35.00 37.00 OK

Check Details

Version: 2.2.1
Check: CRAN incoming feasibility
Result: NOTE Maintainer: ‘Louis Bergelson <louisb@broadinstitute.org>’ No Authors@R field in DESCRIPTION. Please add one, modifying Authors@R: c(person(given = "Kiran", family = "Garimella", role = "aut"), person(given = "Louis", family = "Bergelson", role = "cre", email = "louisb@broadinstitute.org")) as necessary. Flavors: r-devel-linux-x86_64-debian-clang, r-devel-linux-x86_64-debian-gcc