CRAN Package Check Results for Package grex

Last updated on 2025-07-18 08:51:00 CEST.

Flavor Version Tinstall Tcheck Ttotal Status Flags
r-devel-linux-x86_64-debian-clang 1.9 2.48 24.65 27.13 NOTE
r-devel-linux-x86_64-debian-gcc 1.9 2.08 21.23 23.31 NOTE
r-devel-linux-x86_64-fedora-clang 1.9 40.15 OK
r-devel-linux-x86_64-fedora-gcc 1.9 52.29 OK
r-devel-windows-x86_64 1.9 5.00 0.00 5.00 FAIL
r-patched-linux-x86_64 1.9 2.73 22.61 25.34 OK
r-release-linux-x86_64 1.9 2.36 22.48 24.84 OK
r-release-macos-arm64 1.9 22.00 OK
r-release-macos-x86_64 1.9 39.00 OK
r-release-windows-x86_64 1.9 4.00 45.00 49.00 OK
r-oldrel-macos-arm64 1.9 22.00 OK
r-oldrel-macos-x86_64 1.9 33.00 OK
r-oldrel-windows-x86_64 1.9 5.00 56.00 61.00 OK

Check Details

Version: 1.9
Check: CRAN incoming feasibility
Result: NOTE Maintainer: ‘Nan Xiao <me@nanx.me>’ Found the following (possibly) invalid file URIs: URI: CONTRIBUTING.md From: README.md URI: CONDUCT.md From: README.md Flavors: r-devel-linux-x86_64-debian-clang, r-devel-linux-x86_64-debian-gcc

Version: 1.9
Check: PDF version of manual
Result: FAIL Check process probably crashed or hung up for 20 minutes ... killed Most likely this happened in the example checks (?), if not, ignore the following last lines of example output: 84 ENSG00000207776 693135 miRNA 86 ENSG00000158109 127262 protein_coding 87 ENSG00000116213 49856 protein_coding 88 ENSG00000078900 7161 protein_coding 91 ENSG00000227372 57212 transcribed_unitary_pseudogene 92 ENSG00000162592 148870 protein_coding 93 ENSG00000235169 388588 protein_coding 94 ENSG00000130764 57470 protein_coding 97 ENSG00000116198 9731 protein_coding 98 ENSG00000169598 1677 protein_coding 99 ENSG00000198912 339448 protein_coding 100 ENSG00000236423 100133612 lincRNA > > > > ### * <FOOTER> > ### > cleanEx() > options(digits = 7L) > base::cat("Time elapsed: ", proc.time() - base::get("ptime", pos = 'CheckExEnv'),"\n") Time elapsed: 0.36 0.03 0.39 NA NA > grDevices::dev.off() null device 1 > ### > ### Local variables: *** > ### mode: outline-minor *** > ### outline-regexp: "\\(> \\)?### [*]+" *** > ### End: *** > quit('no') ======== End of example output (where/before crash/hang up occured ?) ======== Flavor: r-devel-windows-x86_64