CRAN Package Check Results for Package golem

Last updated on 2025-07-18 08:51:00 CEST.

Flavor Version Tinstall Tcheck Ttotal Status Flags
r-devel-linux-x86_64-debian-clang 0.5.1 6.40 98.34 104.74 OK
r-devel-linux-x86_64-debian-gcc 0.5.1 3.94 72.54 76.48 OK
r-devel-linux-x86_64-fedora-clang 0.5.1 157.24 OK
r-devel-linux-x86_64-fedora-gcc 0.5.1 160.82 OK
r-devel-windows-x86_64 0.5.1 8.00 106.00 114.00 OK
r-patched-linux-x86_64 0.5.1 6.09 92.04 98.13 OK
r-release-linux-x86_64 0.5.1 5.06 93.02 98.08 OK
r-release-macos-arm64 0.5.1 61.00 ERROR
r-release-macos-x86_64 0.5.1 94.00 ERROR
r-release-windows-x86_64 0.5.1 10.00 108.00 118.00 OK
r-oldrel-macos-arm64 0.5.1 74.00 OK
r-oldrel-macos-x86_64 0.5.1 118.00 OK
r-oldrel-windows-x86_64 0.5.1 20.00 126.00 146.00 OK

Check Details

Version: 0.5.1
Check: tests
Result: ERROR Running ‘spelling.R’ [0s/0s] Running ‘testthat.R’ [0s/0s] Running the tests in ‘tests/testthat.R’ failed. Complete output: > # This file is part of the standard setup for testthat. > # It is recommended that you do not modify it. > # > # Where should you do additional test configuration? > # Learn more about the roles of various files in: > # * https://r-pkgs.org/testing-design.html#sec-tests-files-overview > # * https://testthat.r-lib.org/articles/special-files.html > > library(testthat) Error in library(testthat) : there is no package called 'testthat' Execution halted Flavors: r-release-macos-arm64, r-release-macos-x86_64