CRAN Package Check Results for Package geosed

Last updated on 2025-07-18 08:50:59 CEST.

Flavor Version Tinstall Tcheck Ttotal Status Flags
r-devel-linux-x86_64-debian-clang 0.1.1 2.02 32.64 34.66 NOTE
r-devel-linux-x86_64-debian-gcc 0.1.1 1.72 24.33 26.05 NOTE
r-devel-linux-x86_64-fedora-clang 0.1.1 52.46 OK
r-devel-linux-x86_64-fedora-gcc 0.1.1 48.80 OK
r-devel-windows-x86_64 0.1.1 4.00 51.00 55.00 OK
r-patched-linux-x86_64 0.1.1 2.35 29.54 31.89 OK
r-release-linux-x86_64 0.1.1 1.88 29.28 31.16 OK
r-release-macos-arm64 0.1.1 20.00 OK
r-release-macos-x86_64 0.1.1 35.00 OK
r-release-windows-x86_64 0.1.1 3.00 52.00 55.00 OK
r-oldrel-macos-arm64 0.1.1 17.00 NOTE
r-oldrel-macos-x86_64 0.1.1 30.00 NOTE
r-oldrel-windows-x86_64 0.1.1 3.00 59.00 62.00 NOTE

Check Details

Version: 0.1.1
Check: CRAN incoming feasibility
Result: NOTE Maintainer: ‘Shant Sukljian <asshtnt@gmail.com>’ No Authors@R field in DESCRIPTION. Please add one, modifying Authors@R: person(given = "Shant", family = "Sukljian", role = c("aut", "cre"), email = "asshtnt@gmail.com") as necessary. Flavors: r-devel-linux-x86_64-debian-clang, r-devel-linux-x86_64-debian-gcc

Version: 0.1.1
Check: LazyData
Result: NOTE 'LazyData' is specified without a 'data' directory Flavors: r-oldrel-macos-arm64, r-oldrel-macos-x86_64, r-oldrel-windows-x86_64