CRAN Package Check Results for Package gamboostMSM

Last updated on 2025-07-18 08:50:59 CEST.

Flavor Version Tinstall Tcheck Ttotal Status Flags
r-devel-linux-x86_64-debian-clang 1.1.88 6.05 55.15 61.20 NOTE
r-devel-linux-x86_64-debian-gcc 1.1.88 4.46 42.32 46.78 NOTE
r-devel-linux-x86_64-fedora-clang 1.1.88 93.07 OK
r-devel-linux-x86_64-fedora-gcc 1.1.88 93.45 OK
r-devel-windows-x86_64 1.1.88 8.00 67.00 75.00 NOTE
r-patched-linux-x86_64 1.1.88 7.10 52.79 59.89 NOTE
r-release-linux-x86_64 1.1.88 6.52 53.02 59.54 NOTE
r-release-macos-arm64 1.1.88 34.00 OK
r-release-macos-x86_64 1.1.88 60.00 OK
r-release-windows-x86_64 1.1.88 7.00 68.00 75.00 NOTE
r-oldrel-macos-arm64 1.1.88 33.00 OK
r-oldrel-macos-x86_64 1.1.88 52.00 OK
r-oldrel-windows-x86_64 1.1.88 11.00 84.00 95.00 OK

Check Details

Version: 1.1.88
Check: CRAN incoming feasibility
Result: NOTE Maintainer: ‘Holger Reulen <hreulen@uni-goettingen.de>’ No Authors@R field in DESCRIPTION. Please add one, modifying Authors@R: person(given = "Holger", family = "Reulen", role = c("aut", "cre"), email = "hreulen@uni-goettingen.de") as necessary. Flavors: r-devel-linux-x86_64-debian-clang, r-devel-linux-x86_64-debian-gcc

Version: 1.1.88
Check: Rd cross-references
Result: NOTE Found the following Rd file(s) with Rd \link{} targets missing package anchors: gamboostMSM-package.Rd: mboost Please provide package anchors for all Rd \link{} targets not in the package itself and the base packages. Flavors: r-devel-linux-x86_64-debian-clang, r-devel-linux-x86_64-debian-gcc, r-devel-windows-x86_64, r-patched-linux-x86_64, r-release-linux-x86_64, r-release-windows-x86_64