Last updated on 2025-11-06 07:49:35 CET.
| Flavor | Version | Tinstall | Tcheck | Ttotal | Status | Flags |
|---|---|---|---|---|---|---|
| r-devel-linux-x86_64-debian-clang | 1.2 | 2.34 | 21.66 | 24.00 | NOTE | |
| r-devel-linux-x86_64-debian-gcc | 1.2 | 1.58 | 17.35 | 18.93 | NOTE | |
| r-devel-linux-x86_64-fedora-clang | 1.2 | 10.00 | 26.46 | 36.46 | OK | |
| r-devel-linux-x86_64-fedora-gcc | 1.2 | 33.88 | OK | |||
| r-devel-windows-x86_64 | 1.2 | 5.00 | 37.00 | 42.00 | OK | |
| r-patched-linux-x86_64 | 1.2 | 2.58 | 20.28 | 22.86 | OK | |
| r-release-linux-x86_64 | 1.2 | 2.49 | 20.30 | 22.79 | OK | |
| r-release-macos-arm64 | 1.2 | 1.00 | 16.00 | 17.00 | OK | |
| r-release-macos-x86_64 | 1.2 | 4.00 | 31.00 | 35.00 | OK | |
| r-release-windows-x86_64 | 1.2 | 4.00 | 36.00 | 40.00 | OK | |
| r-oldrel-macos-arm64 | 1.2 | 2.00 | 12.00 | 14.00 | OK | |
| r-oldrel-macos-x86_64 | 1.2 | 3.00 | 22.00 | 25.00 | OK | |
| r-oldrel-windows-x86_64 | 1.2 | 3.00 | 38.00 | 41.00 | OK |
Version: 1.2
Check: CRAN incoming feasibility
Result: NOTE
Maintainer: ‘Craig A. Rolling <craig.rolling@slu.edu>’
No Authors@R field in DESCRIPTION.
Please add one, modifying
Authors@R: person(given = c("Craig", "A."),
family = "Rolling",
role = c("aut", "cre"),
email = "craig.rolling@slu.edu")
as necessary.
Flavors: r-devel-linux-x86_64-debian-clang, r-devel-linux-x86_64-debian-gcc