CRAN Package Check Results for Package gCat

Last updated on 2025-11-06 07:49:35 CET.

Flavor Version Tinstall Tcheck Ttotal Status Flags
r-devel-linux-x86_64-debian-clang 0.2 6.12 23.02 29.14 NOTE
r-devel-linux-x86_64-debian-gcc 0.2 4.35 18.05 22.40 NOTE
r-devel-linux-x86_64-fedora-clang 0.2 19.00 27.61 46.61 OK
r-devel-linux-x86_64-fedora-gcc 0.2 18.00 25.59 43.59 OK
r-devel-windows-x86_64 0.2 9.00 52.00 61.00 OK
r-patched-linux-x86_64 0.2 6.09 21.83 27.92 OK
r-release-linux-x86_64 0.2 6.15 21.70 27.85 OK
r-release-macos-arm64 0.2 4.00 16.00 20.00 OK
r-release-macos-x86_64 0.2 8.00 23.00 31.00 OK
r-release-windows-x86_64 0.2 9.00 52.00 61.00 OK
r-oldrel-macos-arm64 0.2 4.00 14.00 18.00 OK
r-oldrel-macos-x86_64 0.2 6.00 21.00 27.00 OK
r-oldrel-windows-x86_64 0.2 9.00 57.00 66.00 OK

Check Details

Version: 0.2
Check: CRAN incoming feasibility
Result: NOTE Maintainer: ‘Hao Chen <hxchen@ucdavis.edu>’ No Authors@R field in DESCRIPTION. Please add one, modifying Authors@R: c(person(given = "Hao", family = "Chen", role = c("aut", "cre"), email = "hxchen@ucdavis.edu"), person(given = c("Nancy", "R."), family = "Zhang", role = "aut")) as necessary. Flavors: r-devel-linux-x86_64-debian-clang, r-devel-linux-x86_64-debian-gcc