Last updated on 2025-07-18 08:50:58 CEST.
Flavor | Version | Tinstall | Tcheck | Ttotal | Status | Flags |
---|---|---|---|---|---|---|
r-devel-linux-x86_64-debian-clang | 0.2.5 | 51.53 | 67.34 | 118.87 | NOTE | |
r-devel-linux-x86_64-debian-gcc | 0.2.5 | 37.26 | 47.49 | 84.75 | NOTE | |
r-devel-linux-x86_64-fedora-clang | 0.2.5 | 212.72 | OK | |||
r-devel-linux-x86_64-fedora-gcc | 0.2.5 | 201.49 | OK | |||
r-devel-windows-x86_64 | 0.2.5 | 60.00 | 99.00 | 159.00 | OK | |
r-patched-linux-x86_64 | 0.2.5 | 50.98 | 57.74 | 108.72 | OK | |
r-release-linux-x86_64 | 0.2.5 | 51.91 | 57.73 | 109.64 | OK | |
r-release-macos-arm64 | 0.2.5 | 54.00 | OK | |||
r-release-macos-x86_64 | 0.2.5 | 79.00 | OK | |||
r-release-windows-x86_64 | 0.2.5 | 58.00 | 100.00 | 158.00 | OK | |
r-oldrel-macos-arm64 | 0.2.5 | 51.00 | OK | |||
r-oldrel-macos-x86_64 | 0.2.5 | 65.00 | OK | |||
r-oldrel-windows-x86_64 | 0.2.5 | 70.00 | 123.00 | 193.00 | OK |
Version: 0.2.5
Check: CRAN incoming feasibility
Result: NOTE
Maintainer: ‘Guillermo Basulto-Elias <guillermobasulto@gmail.com>’
No Authors@R field in DESCRIPTION.
Please add one, modifying
Authors@R: person(given = "Guillermo",
family = "Basulto-Elias",
role = c("aut", "cre"),
email = "guillermobasulto@gmail.com")
as necessary.
Flavors: r-devel-linux-x86_64-debian-clang, r-devel-linux-x86_64-debian-gcc