Last updated on 2025-11-23 07:48:43 CET.
| Flavor | Version | Tinstall | Tcheck | Ttotal | Status | Flags |
|---|---|---|---|---|---|---|
| r-devel-linux-x86_64-debian-clang | 0.4.0 | 4.88 | 43.46 | 48.34 | NOTE | |
| r-devel-linux-x86_64-debian-gcc | 0.4.0 | 2.90 | 32.18 | 35.08 | NOTE | |
| r-devel-linux-x86_64-fedora-clang | 0.4.0 | 17.00 | 59.61 | 76.61 | OK | |
| r-devel-linux-x86_64-fedora-gcc | 0.4.0 | 65.37 | OK | |||
| r-devel-windows-x86_64 | 0.4.0 | 7.00 | 62.00 | 69.00 | OK | |
| r-patched-linux-x86_64 | 0.4.0 | 5.25 | 39.10 | 44.35 | OK | |
| r-release-linux-x86_64 | 0.4.0 | 4.26 | 40.11 | 44.37 | OK | |
| r-release-macos-arm64 | 0.4.0 | OK | ||||
| r-release-macos-x86_64 | 0.4.0 | 4.00 | 32.00 | 36.00 | OK | |
| r-release-windows-x86_64 | 0.4.0 | 6.00 | 74.00 | 80.00 | OK | |
| r-oldrel-macos-arm64 | 0.4.0 | OK | ||||
| r-oldrel-macos-x86_64 | 0.4.0 | 3.00 | 29.00 | 32.00 | OK | |
| r-oldrel-windows-x86_64 | 0.4.0 | 6.00 | 75.00 | 81.00 | OK |
Version: 0.4.0
Check: CRAN incoming feasibility
Result: NOTE
Maintainer: ‘Matthew J. Vavrek <matthew@matthewvavrek.com>’
No Authors@R field in DESCRIPTION.
Please add one, modifying
Authors@R: person(given = c("Matthew", "J."),
family = "Vavrek",
role = c("aut", "cre"),
email = "matthew@matthewvavrek.com")
as necessary.
Package CITATION file contains call(s) to old-style citEntry(). Please
use bibentry() instead.
Flavors: r-devel-linux-x86_64-debian-clang, r-devel-linux-x86_64-debian-gcc