Last updated on 2025-07-18 08:50:58 CEST.
Flavor | Version | Tinstall | Tcheck | Ttotal | Status | Flags |
---|---|---|---|---|---|---|
r-devel-linux-x86_64-debian-clang | 1.0.2 | 35.02 | 74.21 | 109.23 | NOTE | |
r-devel-linux-x86_64-debian-gcc | 1.0.2 | 26.31 | 53.31 | 79.62 | NOTE | |
r-devel-linux-x86_64-fedora-clang | 1.0.2 | 193.73 | NOTE | |||
r-devel-linux-x86_64-fedora-gcc | 1.0.2 | 184.57 | NOTE | |||
r-devel-windows-x86_64 | 1.0.2 | 62.00 | 86.00 | 148.00 | NOTE | |
r-patched-linux-x86_64 | 1.0.2 | 34.61 | 67.88 | 102.49 | NOTE | |
r-release-linux-x86_64 | 1.0.2 | 33.19 | 67.10 | 100.29 | NOTE | |
r-release-macos-arm64 | 1.0.2 | 106.00 | NOTE | |||
r-release-macos-x86_64 | 1.0.2 | 221.00 | NOTE | |||
r-release-windows-x86_64 | 1.0.2 | 66.00 | 86.00 | 152.00 | NOTE | |
r-oldrel-macos-arm64 | 1.0.2 | 62.00 | NOTE | |||
r-oldrel-macos-x86_64 | 1.0.2 | 143.00 | NOTE | |||
r-oldrel-windows-x86_64 | 1.0.2 | 77.00 | 110.00 | 187.00 | NOTE |
Version: 1.0.2
Check: DESCRIPTION meta-information
Result: NOTE
Missing dependency on R >= 4.1.0 because package code uses the pipe
|> or function shorthand \(...) syntax added in R 4.1.0.
File(s) using such syntax:
‘app_server.R’
Flavors: r-devel-linux-x86_64-debian-clang, r-devel-linux-x86_64-debian-gcc, r-devel-linux-x86_64-fedora-clang, r-devel-linux-x86_64-fedora-gcc, r-devel-windows-x86_64, r-patched-linux-x86_64, r-release-linux-x86_64, r-release-macos-arm64, r-release-macos-x86_64, r-release-windows-x86_64
Version: 1.0.2
Check: package dependencies
Result: NOTE
Package suggested but not available for checking: ‘gridlayout’
Flavors: r-oldrel-macos-arm64, r-oldrel-macos-x86_64, r-oldrel-windows-x86_64
Version: 1.0.2
Check: installed package size
Result: NOTE
installed size is 6.3Mb
sub-directories of 1Mb or more:
data 6.1Mb
Flavors: r-oldrel-macos-arm64, r-oldrel-macos-x86_64, r-oldrel-windows-x86_64