Last updated on 2025-07-18 08:50:57 CEST.
Flavor | Version | Tinstall | Tcheck | Ttotal | Status | Flags |
---|---|---|---|---|---|---|
r-devel-linux-x86_64-debian-clang | 1.8 | 14.70 | 69.05 | 83.75 | NOTE | |
r-devel-linux-x86_64-debian-gcc | 1.8 | 12.42 | 52.29 | 64.71 | NOTE | |
r-devel-linux-x86_64-fedora-clang | 1.8 | 127.49 | OK | |||
r-devel-linux-x86_64-fedora-gcc | 1.8 | 126.63 | OK | |||
r-devel-windows-x86_64 | 1.8 | 20.00 | 84.00 | 104.00 | OK | |
r-patched-linux-x86_64 | 1.8 | 17.28 | 65.17 | 82.45 | OK | |
r-release-linux-x86_64 | 1.8 | 15.12 | 65.60 | 80.72 | OK | |
r-release-macos-arm64 | 1.8 | 45.00 | OK | |||
r-release-macos-x86_64 | 1.8 | 88.00 | OK | |||
r-release-windows-x86_64 | 1.8 | 17.00 | 84.00 | 101.00 | OK | |
r-oldrel-macos-arm64 | 1.8 | 45.00 | OK | |||
r-oldrel-macos-x86_64 | 1.8 | 64.00 | OK | |||
r-oldrel-windows-x86_64 | 1.8 | 26.00 | 101.00 | 127.00 | OK |
Version: 1.8
Check: CRAN incoming feasibility
Result: NOTE
Maintainer: ‘Han Lin Shang <hanlin.shang@anu.edu.au>’
No Authors@R field in DESCRIPTION.
Please add one, modifying
Authors@R: c(person(given = c("Han", "Lin"),
family = "Shang",
role = c("aut", "cre"),
email = "hanlin.shang@anu.edu.au"),
person(given = c("Rob", "J"),
family = "Hyndman",
role = "aut"))
as necessary.
Flavors: r-devel-linux-x86_64-debian-clang, r-devel-linux-x86_64-debian-gcc