Last updated on 2025-07-18 08:50:58 CEST.
Flavor | Version | Tinstall | Tcheck | Ttotal | Status | Flags |
---|---|---|---|---|---|---|
r-devel-linux-x86_64-debian-clang | 1.3.0 | 14.33 | 43.54 | 57.87 | NOTE | |
r-devel-linux-x86_64-debian-gcc | 1.3.0 | 10.29 | 32.60 | 42.89 | NOTE | |
r-devel-linux-x86_64-fedora-clang | 1.3.0 | 96.39 | OK | |||
r-devel-linux-x86_64-fedora-gcc | 1.3.0 | 106.43 | OK | |||
r-devel-windows-x86_64 | 1.3.0 | 15.00 | 76.00 | 91.00 | OK | |
r-patched-linux-x86_64 | 1.3.0 | 13.66 | 41.28 | 54.94 | OK | |
r-release-linux-x86_64 | 1.3.0 | 13.50 | 41.01 | 54.51 | OK | |
r-release-macos-arm64 | 1.3.0 | 32.00 | ERROR | |||
r-release-macos-x86_64 | 1.3.0 | 86.00 | OK | |||
r-release-windows-x86_64 | 1.3.0 | 15.00 | 80.00 | 95.00 | OK | |
r-oldrel-macos-arm64 | 1.3.0 | 16.00 | ERROR | |||
r-oldrel-macos-x86_64 | 1.3.0 | 107.00 | OK | |||
r-oldrel-windows-x86_64 | 1.3.0 | 16.00 | 98.00 | 114.00 | OK |
Version: 1.3.0
Check: CRAN incoming feasibility
Result: NOTE
Maintainer: ‘Lijun Wang <szcfweiya@gmail.com>’
No Authors@R field in DESCRIPTION.
Please add one, modifying
Authors@R: person(given = "Lijun",
family = "Wang",
role = c("aut", "cre", "cph"),
email = "szcfweiya@gmail.com")
as necessary.
Flavors: r-devel-linux-x86_64-debian-clang, r-devel-linux-x86_64-debian-gcc
Version: 1.3.0
Check: whether package can be installed
Result: ERROR
Installation failed.
Flavors: r-release-macos-arm64, r-oldrel-macos-arm64