Last updated on 2025-10-27 07:49:58 CET.
| Flavor | Version | Tinstall | Tcheck | Ttotal | Status | Flags |
|---|---|---|---|---|---|---|
| r-devel-linux-x86_64-debian-clang | 0.0.4 | 4.52 | 45.50 | 50.02 | NOTE | |
| r-devel-linux-x86_64-debian-gcc | 0.0.4 | 3.35 | 33.72 | 37.07 | NOTE | |
| r-devel-linux-x86_64-fedora-clang | 0.0.4 | 13.00 | 63.55 | 76.55 | NOTE | |
| r-devel-linux-x86_64-fedora-gcc | 0.0.4 | 12.00 | 58.87 | 70.87 | NOTE | |
| r-devel-windows-x86_64 | 0.0.4 | 6.00 | 65.00 | 71.00 | NOTE | |
| r-patched-linux-x86_64 | 0.0.4 | 4.02 | 42.26 | 46.28 | NOTE | |
| r-release-linux-x86_64 | 0.0.4 | 4.78 | 42.24 | 47.02 | NOTE | |
| r-release-macos-arm64 | 0.0.4 | 2.00 | 22.00 | 24.00 | NOTE | |
| r-release-macos-x86_64 | 0.0.4 | 4.00 | 40.00 | 44.00 | NOTE | |
| r-release-windows-x86_64 | 0.0.4 | 7.00 | 67.00 | 74.00 | NOTE | |
| r-oldrel-macos-arm64 | 0.0.4 | 2.00 | 25.00 | 27.00 | NOTE | |
| r-oldrel-macos-x86_64 | 0.0.4 | 5.00 | 40.00 | 45.00 | NOTE | |
| r-oldrel-windows-x86_64 | 0.0.4 | 8.00 | 78.00 | 86.00 | NOTE |
Version: 0.0.4
Check: Rd files
Result: NOTE
checkRd: (-1) codePasses.Rd:64: Escaped LaTeX specials: \#
Flavors: r-devel-linux-x86_64-debian-clang, r-devel-linux-x86_64-debian-gcc, r-devel-linux-x86_64-fedora-clang, r-devel-linux-x86_64-fedora-gcc, r-devel-windows-x86_64, r-patched-linux-x86_64, r-release-linux-x86_64, r-release-macos-arm64, r-release-macos-x86_64, r-release-windows-x86_64, r-oldrel-macos-arm64, r-oldrel-macos-x86_64, r-oldrel-windows-x86_64