Last updated on 2025-10-27 07:49:58 CET.
| Flavor | Version | Tinstall | Tcheck | Ttotal | Status | Flags |
|---|---|---|---|---|---|---|
| r-devel-linux-x86_64-debian-clang | 1.0.0 | 4.42 | 36.62 | 41.04 | OK | |
| r-devel-linux-x86_64-debian-gcc | 1.0.0 | 2.91 | 26.78 | 29.69 | OK | |
| r-devel-linux-x86_64-fedora-clang | 1.0.0 | 11.00 | 47.60 | 58.60 | OK | |
| r-devel-linux-x86_64-fedora-gcc | 1.0.0 | 54.69 | OK | |||
| r-devel-windows-x86_64 | 1.0.0 | 6.00 | 47.00 | 53.00 | OK | |
| r-patched-linux-x86_64 | 1.0.0 | 4.31 | 32.67 | 36.98 | OK | |
| r-release-linux-x86_64 | 1.0.0 | 4.26 | 32.96 | 37.22 | OK | |
| r-release-macos-arm64 | 1.0.0 | 2.00 | 19.00 | 21.00 | OK | |
| r-release-macos-x86_64 | 1.0.0 | 4.00 | 32.00 | 36.00 | OK | |
| r-release-windows-x86_64 | 1.0.0 | 6.00 | 50.00 | 56.00 | OK | |
| r-oldrel-macos-arm64 | 1.0.0 | 2.00 | 17.00 | 19.00 | NOTE | |
| r-oldrel-macos-x86_64 | 1.0.0 | 3.00 | 28.00 | 31.00 | NOTE | |
| r-oldrel-windows-x86_64 | 1.0.0 | 7.00 | 59.00 | 66.00 | NOTE |
Version: 1.0.0
Check: LazyData
Result: NOTE
'LazyData' is specified without a 'data' directory
Flavors: r-oldrel-macos-arm64, r-oldrel-macos-x86_64, r-oldrel-windows-x86_64