Last updated on 2025-10-26 18:50:10 CET.
| Flavor | Version | Tinstall | Tcheck | Ttotal | Status | Flags |
|---|---|---|---|---|---|---|
| r-devel-linux-x86_64-debian-clang | 1.1.3 | 3.79 | 53.65 | 57.44 | NOTE | |
| r-devel-linux-x86_64-debian-gcc | 1.1.3 | 2.88 | 34.62 | 37.50 | NOTE | |
| r-devel-linux-x86_64-fedora-clang | 1.1.3 | 93.57 | OK | |||
| r-devel-linux-x86_64-fedora-gcc | 1.1.3 | 88.47 | OK | |||
| r-devel-windows-x86_64 | 1.1.3 | 4.00 | 67.00 | 71.00 | OK | |
| r-patched-linux-x86_64 | 1.1.3 | 4.09 | 52.43 | 56.52 | OK | |
| r-release-linux-x86_64 | 1.1.3 | 3.54 | 51.83 | 55.37 | OK | |
| r-release-macos-arm64 | 1.1.3 | 2.00 | 26.00 | 28.00 | OK | |
| r-release-macos-x86_64 | 1.1.3 | 4.00 | 48.00 | 52.00 | OK | |
| r-release-windows-x86_64 | 1.1.3 | 6.00 | 74.00 | 80.00 | OK | |
| r-oldrel-macos-arm64 | 1.1.3 | 2.00 | 26.00 | 28.00 | OK | |
| r-oldrel-macos-x86_64 | 1.1.3 | 4.00 | 47.00 | 51.00 | OK | |
| r-oldrel-windows-x86_64 | 1.1.3 | 5.00 | 84.00 | 89.00 | OK |
Version: 1.1.3
Check: CRAN incoming feasibility
Result: NOTE
Maintainer: ‘Lisa Steyer <lisa.steyer@hu-berlin.de>’
No Authors@R field in DESCRIPTION.
Please add one, modifying
Authors@R: person(given = "Lisa",
family = "Steyer",
role = c("aut", "cre"),
email = "lisa.steyer@hu-berlin.de")
as necessary.
The Description field contains
<doi:10.1111/biom.13706>) and Steyer et al. (2023, <arXiv:2305.02075>).
Please refer to arXiv e-prints via their arXiv DOI <doi:10.48550/arXiv.YYMM.NNNNN>.
Flavors: r-devel-linux-x86_64-debian-clang, r-devel-linux-x86_64-debian-gcc