CRAN Package Check Results for Package edgeCorr

Last updated on 2025-11-06 07:49:33 CET.

Flavor Version Tinstall Tcheck Ttotal Status Flags
r-devel-linux-x86_64-debian-clang 1.0 1.56 22.54 24.10 NOTE
r-devel-linux-x86_64-debian-gcc 1.0 1.35 17.96 19.31 NOTE
r-devel-linux-x86_64-fedora-clang 1.0 33.57 OK
r-devel-linux-x86_64-fedora-gcc 1.0 32.80 OK
r-devel-windows-x86_64 1.0 3.00 46.00 49.00 OK
r-patched-linux-x86_64 1.0 1.83 21.02 22.85 OK
r-release-linux-x86_64 1.0 1.49 21.02 22.51 OK
r-release-macos-arm64 1.0 1.00 17.00 18.00 OK
r-release-macos-x86_64 1.0 2.00 23.00 25.00 OK
r-release-windows-x86_64 1.0 4.00 45.00 49.00 OK
r-oldrel-macos-arm64 1.0 1.00 15.00 16.00 OK
r-oldrel-macos-x86_64 1.0 2.00 21.00 23.00 OK
r-oldrel-windows-x86_64 1.0 3.00 46.00 49.00 OK

Check Details

Version: 1.0
Check: CRAN incoming feasibility
Result: NOTE Maintainer: ‘Glenna Nightingale <glenna.evans@gmail.com>’ No Authors@R field in DESCRIPTION. Please add one, modifying Authors@R: person(given = "Glenna", family = "Nightingale", role = c("aut", "cre"), email = "glenna.evans@gmail.com") as necessary. Flavors: r-devel-linux-x86_64-debian-clang, r-devel-linux-x86_64-debian-gcc