CRAN Package Check Results for Package ebreg

Last updated on 2025-07-18 08:50:55 CEST.

Flavor Version Tinstall Tcheck Ttotal Status Flags
r-devel-linux-x86_64-debian-clang 0.1.3 2.17 47.61 49.78 NOTE
r-devel-linux-x86_64-debian-gcc 0.1.3 1.71 31.97 33.68 ERROR
r-devel-linux-x86_64-fedora-clang 0.1.3 76.62 OK
r-devel-linux-x86_64-fedora-gcc 0.1.3 74.58 OK
r-devel-windows-x86_64 0.1.3 3.00 75.00 78.00 OK
r-patched-linux-x86_64 0.1.3 2.12 43.94 46.06 OK
r-release-linux-x86_64 0.1.3 2.01 46.20 48.21 OK
r-release-macos-arm64 0.1.3 31.00 OK
r-release-macos-x86_64 0.1.3 82.00 OK
r-release-windows-x86_64 0.1.3 3.00 81.00 84.00 OK
r-oldrel-macos-arm64 0.1.3 25.00 OK
r-oldrel-macos-x86_64 0.1.3 46.00 OK
r-oldrel-windows-x86_64 0.1.3 4.00 91.00 95.00 OK

Additional issues

noLD

Check Details

Version: 0.1.3
Check: CRAN incoming feasibility
Result: NOTE Maintainer: ‘Yiqi Tang <ytang22@ncsu.edu>’ No Authors@R field in DESCRIPTION. Please add one, modifying Authors@R: c(person(given = "Yiqi", family = "Tang", role = c("aut", "cre"), email = "ytang22@ncsu.edu"), person(given = "Ryan", family = "Martin", role = "aut")) as necessary. The Description field contains (2019) <arXiv:1903.00961>. Please refer to arXiv e-prints via their arXiv DOI <doi:10.48550/arXiv.YYMM.NNNNN>. Flavors: r-devel-linux-x86_64-debian-clang, r-devel-linux-x86_64-debian-gcc

Version: 0.1.3
Check: tests
Result: ERROR Running ‘testthat.R’ [9s/11s] Running the tests in ‘tests/testthat.R’ failed. Complete output: > library(testthat) > library(ebreg) Loading required package: lars Loaded lars 1.3 > > test_check("ebreg") [ FAIL 1 | WARN 0 | SKIP 0 | PASS 7 ] ══ Failed tests ════════════════════════════════════════════════════════════════ ── Error ('test_ebproject.R:55:3'): the right things are NULL when sample.beta is FALSE ── Error in `chol.default(V)`: the leading minor of order 2 is not positive Backtrace: ▆ 1. └─ebreg::ebreg(...) at test_ebproject.R:55:3 2. └─ebreg:::get.lm.stuff(S.new, y, X) 3. ├─base::chol(V) 4. └─base::chol.default(V) [ FAIL 1 | WARN 0 | SKIP 0 | PASS 7 ] Error: Test failures Execution halted Flavor: r-devel-linux-x86_64-debian-gcc