Last updated on 2025-07-18 08:50:55 CEST.
Flavor | Version | Tinstall | Tcheck | Ttotal | Status | Flags |
---|---|---|---|---|---|---|
r-devel-linux-x86_64-debian-clang | 4.0 | 7.44 | 52.42 | 59.86 | NOTE | |
r-devel-linux-x86_64-debian-gcc | 4.0 | 5.35 | 35.97 | 41.32 | NOTE | |
r-devel-linux-x86_64-fedora-clang | 4.0 | 96.15 | OK | |||
r-devel-linux-x86_64-fedora-gcc | 4.0 | 86.43 | OK | |||
r-devel-windows-x86_64 | 4.0 | 9.00 | 69.00 | 78.00 | OK | |
r-patched-linux-x86_64 | 4.0 | 7.26 | 48.30 | 55.56 | OK | |
r-release-linux-x86_64 | 4.0 | 8.08 | 49.31 | 57.39 | OK | |
r-release-macos-arm64 | 4.0 | 32.00 | OK | |||
r-release-macos-x86_64 | 4.0 | 52.00 | OK | |||
r-release-windows-x86_64 | 4.0 | 9.00 | 63.00 | 72.00 | OK | |
r-oldrel-macos-arm64 | 4.0 | 27.00 | OK | |||
r-oldrel-macos-x86_64 | 4.0 | 40.00 | OK | |||
r-oldrel-windows-x86_64 | 4.0 | 12.00 | 75.00 | 87.00 | OK |
Version: 4.0
Check: CRAN incoming feasibility
Result: NOTE
Maintainer: ‘Emmanuel Arnhold <emmanuelarnhold@yahoo.com.br>’
No Authors@R field in DESCRIPTION.
Please add one, modifying
Authors@R: person(given = "Emmanuel",
family = "Arnhold",
role = c("aut", "cre"),
email = "emmanuelarnhold@yahoo.com.br")
as necessary.
Package CITATION file contains call(s) to old-style personList() or
as.personList(). Please use c() on person objects instead.
Package CITATION file contains call(s) to old-style citEntry(). Please
use bibentry() instead.
Flavors: r-devel-linux-x86_64-debian-clang, r-devel-linux-x86_64-debian-gcc