CRAN Package Check Results for Package dydea

Last updated on 2025-09-30 20:50:36 CEST.

Flavor Version Tinstall Tcheck Ttotal Status Flags
r-devel-linux-x86_64-debian-clang 0.1.0 1.89 30.35 32.24 OK
r-devel-linux-x86_64-debian-gcc 0.1.0 1.54 22.29 23.83 OK
r-devel-linux-x86_64-fedora-clang 0.1.0 51.70 OK
r-devel-linux-x86_64-fedora-gcc 0.1.0 44.73 OK
r-devel-windows-x86_64 0.1.0 3.00 51.00 54.00 OK
r-patched-linux-x86_64 0.1.0 1.76 27.93 29.69 OK
r-release-linux-x86_64 0.1.0 1.69 28.32 30.01 OK
r-release-macos-arm64 0.1.0 23.00 OK
r-release-macos-x86_64 0.1.0 35.00 OK
r-release-windows-x86_64 0.1.0 4.00 51.00 55.00 OK
r-oldrel-macos-arm64 0.1.0 20.00 NOTE
r-oldrel-macos-x86_64 0.1.0 28.00 NOTE
r-oldrel-windows-x86_64 0.1.0 3.00 51.00 54.00 NOTE

Check Details

Version: 0.1.0
Check: LazyData
Result: NOTE 'LazyData' is specified without a 'data' directory Flavors: r-oldrel-macos-arm64, r-oldrel-macos-x86_64, r-oldrel-windows-x86_64