CRAN Package Check Results for Package dupNodes

Last updated on 2025-11-20 07:49:43 CET.

Flavor Version Tinstall Tcheck Ttotal Status Flags
r-devel-linux-x86_64-debian-clang 0.3.0 2.34 40.53 42.87 NOTE
r-devel-linux-x86_64-debian-gcc 0.3.0 2.12 32.56 34.68 NOTE
r-devel-linux-x86_64-fedora-clang 0.3.0 65.18 OK
r-devel-linux-x86_64-fedora-gcc 0.3.0 76.20 OK
r-devel-windows-x86_64 0.3.0 6.00 57.00 63.00 OK
r-patched-linux-x86_64 0.3.0 2.12 37.72 39.84 OK
r-release-linux-x86_64 0.3.0 2.24 37.82 40.06 OK
r-release-macos-arm64 0.3.0 OK
r-release-macos-x86_64 0.3.0 2.00 50.00 52.00 OK
r-release-windows-x86_64 0.3.0 5.00 56.00 61.00 OK
r-oldrel-macos-arm64 0.3.0 OK
r-oldrel-macos-x86_64 0.3.0 2.00 41.00 43.00 OK
r-oldrel-windows-x86_64 0.3.0 5.00 64.00 69.00 OK

Check Details

Version: 0.3.0
Check: CRAN incoming feasibility
Result: NOTE Maintainer: ‘Juan Julián Merelo-Guervós <jjmerelo@gmail.com>’ No Authors@R field in DESCRIPTION. Please add one, modifying Authors@R: person(given = c("Juan", "Julián"), family = "Merelo-Guervós", role = c("aut", "cre"), email = "jjmerelo@gmail.com") as necessary. Flavors: r-devel-linux-x86_64-debian-clang, r-devel-linux-x86_64-debian-gcc