Last updated on 2025-11-20 07:49:42 CET.
| Flavor | Version | Tinstall | Tcheck | Ttotal | Status | Flags |
|---|---|---|---|---|---|---|
| r-devel-linux-x86_64-debian-clang | 1.0.17 | 1.72 | 114.46 | 116.18 | NOTE | |
| r-devel-linux-x86_64-debian-gcc | 1.0.17 | 1.50 | 104.15 | 105.65 | NOTE | |
| r-devel-linux-x86_64-fedora-clang | 1.0.17 | 168.44 | OK | |||
| r-devel-linux-x86_64-fedora-gcc | 1.0.17 | 178.70 | OK | |||
| r-devel-windows-x86_64 | 1.0.17 | 5.00 | 111.00 | 116.00 | OK | |
| r-patched-linux-x86_64 | 1.0.17 | 2.09 | 108.11 | 110.20 | NOTE | |
| r-release-linux-x86_64 | 1.0.17 | 2.07 | 105.52 | 107.59 | NOTE | |
| r-release-macos-arm64 | 1.0.17 | OK | ||||
| r-release-macos-x86_64 | 1.0.17 | 3.00 | 111.00 | 114.00 | OK | |
| r-release-windows-x86_64 | 1.0.17 | 4.00 | 107.00 | 111.00 | OK | |
| r-oldrel-macos-arm64 | 1.0.17 | OK | ||||
| r-oldrel-macos-x86_64 | 1.0.17 | 2.00 | 86.00 | 88.00 | OK | |
| r-oldrel-windows-x86_64 | 1.0.17 | 5.00 | 138.00 | 143.00 | OK |
Version: 1.0.17
Check: R code for possible problems
Result: NOTE
Found the following calls to attach():
File ‘doParallel/R/doParallel.R’:
attach(exportEnv)
See section ‘Good practice’ in ‘?attach’.
Flavors: r-devel-linux-x86_64-debian-clang, r-devel-linux-x86_64-debian-gcc, r-patched-linux-x86_64, r-release-linux-x86_64