CRAN Package Check Results for Package derivmkts

Last updated on 2025-10-26 18:50:08 CET.

Flavor Version Tinstall Tcheck Ttotal Status Flags
r-devel-linux-x86_64-debian-clang 0.2.5 3.63 69.65 73.28 NOTE
r-devel-linux-x86_64-debian-gcc 0.2.5 2.77 52.95 55.72 NOTE
r-devel-linux-x86_64-fedora-clang 0.2.5 11.00 109.06 120.06 NOTE
r-devel-linux-x86_64-fedora-gcc 0.2.5 123.83 NOTE
r-devel-windows-x86_64 0.2.5 4.00 132.00 136.00 NOTE
r-patched-linux-x86_64 0.2.5 4.35 66.81 71.16 NOTE
r-release-linux-x86_64 0.2.5 3.39 67.32 70.71 NOTE
r-release-macos-arm64 0.2.5 2.00 37.00 39.00 NOTE
r-release-macos-x86_64 0.2.5 3.00 67.00 70.00 NOTE
r-release-windows-x86_64 0.2.5 6.00 134.00 140.00 NOTE
r-oldrel-macos-arm64 0.2.5 2.00 35.00 37.00 NOTE
r-oldrel-macos-x86_64 0.2.5 3.00 54.00 57.00 NOTE
r-oldrel-windows-x86_64 0.2.5 9.00 138.00 147.00 NOTE

Check Details

Version: 0.2.5
Check: Rd files
Result: NOTE checkRd: (-1) barriers.Rd:127: Escaped LaTeX specials: \$ Flavors: r-devel-linux-x86_64-debian-clang, r-devel-linux-x86_64-debian-gcc, r-devel-linux-x86_64-fedora-clang, r-devel-linux-x86_64-fedora-gcc, r-devel-windows-x86_64, r-patched-linux-x86_64, r-release-linux-x86_64, r-release-macos-arm64, r-release-macos-x86_64, r-release-windows-x86_64, r-oldrel-macos-arm64, r-oldrel-macos-x86_64, r-oldrel-windows-x86_64