CRAN Package Check Results for Package datr

Last updated on 2025-11-19 19:50:03 CET.

Flavor Version Tinstall Tcheck Ttotal Status Flags
r-devel-linux-x86_64-debian-clang 0.1.0 1.88 23.02 24.90 NOTE
r-devel-linux-x86_64-debian-gcc 0.1.0 1.57 18.73 20.30 NOTE
r-devel-linux-x86_64-fedora-clang 0.1.0 35.57 OK
r-devel-linux-x86_64-fedora-gcc 0.1.0 33.26 OK
r-devel-windows-x86_64 0.1.0 6.00 43.00 49.00 OK
r-patched-linux-x86_64 0.1.0 2.12 20.57 22.69 OK
r-release-linux-x86_64 0.1.0 1.77 20.47 22.24 OK
r-release-macos-arm64 0.1.0 OK
r-release-macos-x86_64 0.1.0 2.00 24.00 26.00 OK
r-release-windows-x86_64 0.1.0 4.00 43.00 47.00 OK
r-oldrel-macos-arm64 0.1.0 NOTE
r-oldrel-macos-x86_64 0.1.0 1.00 21.00 22.00 NOTE
r-oldrel-windows-x86_64 0.1.0 4.00 47.00 51.00 NOTE

Check Details

Version: 0.1.0
Check: CRAN incoming feasibility
Result: NOTE Maintainer: ‘Chris Hartgerink <chris@libscie.org>’ Found the following (possibly) invalid file URI: URI: CODE_OF_CONDUCT.md From: README.md Flavors: r-devel-linux-x86_64-debian-clang, r-devel-linux-x86_64-debian-gcc

Version: 0.1.0
Check: LazyData
Result: NOTE 'LazyData' is specified without a 'data' directory Flavors: r-oldrel-macos-arm64, r-oldrel-macos-x86_64, r-oldrel-windows-x86_64