Last updated on 2025-10-26 07:49:08 CET.
| Flavor | Version | Tinstall | Tcheck | Ttotal | Status | Flags |
|---|---|---|---|---|---|---|
| r-devel-linux-x86_64-debian-clang | 2.0.1 | 13.72 | 24.82 | 38.54 | NOTE | |
| r-devel-linux-x86_64-debian-gcc | 2.0.1 | 9.32 | 20.40 | 29.72 | NOTE | |
| r-devel-linux-x86_64-fedora-clang | 2.0.1 | 22.00 | 28.67 | 50.67 | OK | |
| r-devel-linux-x86_64-fedora-gcc | 2.0.1 | 36.00 | 23.08 | 59.08 | OK | |
| r-devel-windows-x86_64 | 2.0.1 | 18.00 | 56.00 | 74.00 | OK | |
| r-patched-linux-x86_64 | 2.0.1 | 13.52 | 23.39 | 36.91 | OK | |
| r-release-linux-x86_64 | 2.0.1 | 14.35 | 23.48 | 37.83 | OK | |
| r-release-macos-arm64 | 2.0.1 | 6.00 | 16.00 | 22.00 | OK | |
| r-release-macos-x86_64 | 2.0.1 | 12.00 | 25.00 | 37.00 | OK | |
| r-release-windows-x86_64 | 2.0.1 | 17.00 | 63.00 | 80.00 | OK | |
| r-oldrel-macos-arm64 | 2.0.1 | 7.00 | 15.00 | 22.00 | OK | |
| r-oldrel-macos-x86_64 | 2.0.1 | 11.00 | 23.00 | 34.00 | OK | |
| r-oldrel-windows-x86_64 | 2.0.1 | 17.00 | 69.00 | 86.00 | OK |
Version: 2.0.1
Check: CRAN incoming feasibility
Result: NOTE
Maintainer: ‘Ningning Xu <ningningxu312@gmail.com>’
No Authors@R field in DESCRIPTION.
Please add one, modifying
Authors@R: person(given = "Ningning",
family = "Xu",
role = c("aut", "cre"),
email = "ningningxu312@gmail.com")
as necessary.
Flavors: r-devel-linux-x86_64-debian-clang, r-devel-linux-x86_64-debian-gcc