Last updated on 2025-11-20 07:49:41 CET.
| Flavor | Version | Tinstall | Tcheck | Ttotal | Status | Flags |
|---|---|---|---|---|---|---|
| r-devel-linux-x86_64-debian-clang | 0.5.4 | 7.97 | 52.81 | 60.78 | OK | |
| r-devel-linux-x86_64-debian-gcc | 0.5.4 | 5.08 | 44.03 | 49.11 | OK | |
| r-devel-linux-x86_64-fedora-clang | 0.5.4 | 21.00 | 71.10 | 92.10 | OK | |
| r-devel-linux-x86_64-fedora-gcc | 0.5.4 | 17.00 | 85.98 | 102.98 | OK | |
| r-devel-windows-x86_64 | 0.5.4 | 23.00 | 80.00 | 103.00 | OK | |
| r-patched-linux-x86_64 | 0.5.4 | 7.48 | 50.20 | 57.68 | OK | |
| r-release-linux-x86_64 | 0.5.4 | 6.67 | 49.81 | 56.48 | OK | |
| r-release-macos-arm64 | 0.5.4 | OK | ||||
| r-release-macos-x86_64 | 0.5.4 | 8.00 | 143.00 | 151.00 | OK | |
| r-release-windows-x86_64 | 0.5.4 | 13.00 | 76.00 | 89.00 | OK | |
| r-oldrel-macos-arm64 | 0.5.4 | NOTE | ||||
| r-oldrel-macos-x86_64 | 0.5.4 | 9.00 | 130.00 | 139.00 | NOTE | |
| r-oldrel-windows-x86_64 | 0.5.4 | 17.00 | 92.00 | 109.00 | NOTE |
Version: 0.5.4
Check: installed package size
Result: NOTE
installed size is 8.6Mb
sub-directories of 1Mb or more:
doc 1.8Mb
include 6.5Mb
Flavors: r-oldrel-macos-arm64, r-oldrel-macos-x86_64, r-oldrel-windows-x86_64