Last updated on 2025-10-27 19:52:57 CET.
| Flavor | Version | Tinstall | Tcheck | Ttotal | Status | Flags |
|---|---|---|---|---|---|---|
| r-devel-linux-x86_64-debian-clang | 0.1.4 | 14.61 | 111.10 | 125.71 | NOTE | |
| r-devel-linux-x86_64-debian-gcc | 0.1.4 | 10.34 | 77.49 | 87.83 | NOTE | |
| r-devel-linux-x86_64-fedora-clang | 0.1.4 | 33.00 | 153.29 | 186.29 | NOTE | |
| r-devel-linux-x86_64-fedora-gcc | 0.1.4 | 36.00 | 138.95 | 174.95 | NOTE | |
| r-devel-windows-x86_64 | 0.1.4 | 16.00 | 108.00 | 124.00 | OK | |
| r-patched-linux-x86_64 | 0.1.4 | 13.97 | 102.28 | 116.25 | OK | |
| r-release-linux-x86_64 | 0.1.4 | 15.69 | 103.38 | 119.07 | OK | |
| r-release-macos-arm64 | 0.1.4 | 6.00 | 43.00 | 49.00 | OK | |
| r-release-macos-x86_64 | 0.1.4 | 11.00 | 75.00 | 86.00 | OK | |
| r-release-windows-x86_64 | 0.1.4 | 16.00 | 112.00 | 128.00 | OK | |
| r-oldrel-macos-arm64 | 0.1.4 | 5.00 | 40.00 | 45.00 | OK | |
| r-oldrel-macos-x86_64 | 0.1.4 | 9.00 | 71.00 | 80.00 | OK | |
| r-oldrel-windows-x86_64 | 0.1.4 | 22.00 | 149.00 | 171.00 | OK |
Version: 0.1.4
Check: CRAN incoming feasibility
Result: NOTE
Maintainer: ‘Max Salvatore <mmsalva@umich.edu>’
Found the following (possibly) invalid file URI:
URI: twitter.com/MaxSalTweets
From: README.md
Flavors: r-devel-linux-x86_64-debian-clang, r-devel-linux-x86_64-debian-gcc
Version: 0.1.4
Check: dependencies in R code
Result: NOTE
Namespaces in Imports field not imported from:
‘httr’ ‘stringr’
All declared Imports should be used.
Flavors: r-devel-linux-x86_64-fedora-clang, r-devel-linux-x86_64-fedora-gcc