CRAN Package Check Results for Package covequal

Last updated on 2025-10-28 18:49:49 CET.

Flavor Version Tinstall Tcheck Ttotal Status Flags
r-devel-linux-x86_64-debian-clang 0.1.0 1.52 21.53 23.05 OK
r-devel-linux-x86_64-debian-gcc 0.1.0 1.35 18.36 19.71 OK
r-devel-linux-x86_64-fedora-clang 0.1.0 32.29 OK
r-devel-linux-x86_64-fedora-gcc 0.1.0 31.56 OK
r-devel-windows-x86_64 0.1.0 3.00 45.00 48.00 OK
r-patched-linux-x86_64 0.1.0 1.67 20.89 22.56 OK
r-release-linux-x86_64 0.1.0 1.45 20.74 22.19 OK
r-release-macos-arm64 0.1.0 1.00 22.00 23.00 OK
r-release-macos-x86_64 0.1.0 2.00 25.00 27.00 OK
r-release-windows-x86_64 0.1.0 3.00 47.00 50.00 OK
r-oldrel-macos-arm64 0.1.0 1.00 16.00 17.00 NOTE
r-oldrel-macos-x86_64 0.1.0 1.00 22.00 23.00 NOTE
r-oldrel-windows-x86_64 0.1.0 5.00 48.00 53.00 NOTE

Check Details

Version: 0.1.0
Check: LazyData
Result: NOTE 'LazyData' is specified without a 'data' directory Flavors: r-oldrel-macos-arm64, r-oldrel-macos-x86_64, r-oldrel-windows-x86_64