CRAN Package Check Results for Package countcolors

Last updated on 2025-07-18 08:50:53 CEST.

Flavor Version Tinstall Tcheck Ttotal Status Flags
r-devel-linux-x86_64-debian-clang 0.9.1 1.65 79.90 81.55 OK
r-devel-linux-x86_64-debian-gcc 0.9.1 1.65 54.52 56.17 OK
r-devel-linux-x86_64-fedora-clang 0.9.1 130.66 NOTE
r-devel-linux-x86_64-fedora-gcc 0.9.1 133.38 NOTE
r-devel-windows-x86_64 0.9.1 4.00 96.00 100.00 OK
r-patched-linux-x86_64 0.9.1 2.31 78.82 81.13 OK
r-release-linux-x86_64 0.9.1 2.19 75.69 77.88 OK
r-release-macos-arm64 0.9.1 39.00 OK
r-release-macos-x86_64 0.9.1 108.00 OK
r-release-windows-x86_64 0.9.1 4.00 97.00 101.00 OK
r-oldrel-macos-arm64 0.9.1 49.00 NOTE
r-oldrel-macos-x86_64 0.9.1 94.00 NOTE
r-oldrel-windows-x86_64 0.9.1 4.00 132.00 136.00 NOTE

Check Details

Version: 0.9.1
Check: dependencies in R code
Result: NOTE Namespace in Imports field not imported from: ‘jpeg’ All declared Imports should be used. Flavors: r-devel-linux-x86_64-fedora-clang, r-devel-linux-x86_64-fedora-gcc

Version: 0.9.1
Check: LazyData
Result: NOTE 'LazyData' is specified without a 'data' directory Flavors: r-oldrel-macos-arm64, r-oldrel-macos-x86_64, r-oldrel-windows-x86_64