Last updated on 2025-07-18 08:50:53 CEST.
Flavor | Version | Tinstall | Tcheck | Ttotal | Status | Flags |
---|---|---|---|---|---|---|
r-devel-linux-x86_64-debian-clang | 0.0.5 | 28.85 | 25.29 | 54.14 | OK | |
r-devel-linux-x86_64-debian-gcc | 0.0.5 | 19.70 | 20.99 | 40.69 | OK | |
r-devel-linux-x86_64-fedora-clang | 0.0.5 | 95.72 | OK | |||
r-devel-linux-x86_64-fedora-gcc | 0.0.5 | 89.23 | OK | |||
r-devel-windows-x86_64 | 0.0.5 | 50.00 | 67.00 | 117.00 | OK | |
r-patched-linux-x86_64 | 0.0.5 | 26.01 | 23.16 | 49.17 | OK | |
r-release-linux-x86_64 | 0.0.5 | 26.13 | 23.10 | 49.23 | OK | |
r-release-macos-arm64 | 0.0.5 | 37.00 | OK | |||
r-release-macos-x86_64 | 0.0.5 | 57.00 | OK | |||
r-release-windows-x86_64 | 0.0.5 | 48.00 | 63.00 | 111.00 | OK | |
r-oldrel-macos-arm64 | 0.0.5 | 39.00 | NOTE | |||
r-oldrel-macos-x86_64 | 0.0.5 | 73.00 | NOTE | |||
r-oldrel-windows-x86_64 | 0.0.5 | 51.00 | 81.00 | 132.00 | OK |
Version: 0.0.5
Check: installed package size
Result: NOTE
installed size is 5.6Mb
sub-directories of 1Mb or more:
libs 2.8Mb
sample_data 2.6Mb
Flavors: r-oldrel-macos-arm64, r-oldrel-macos-x86_64