Last updated on 2025-07-18 08:50:53 CEST.
Flavor | Version | Tinstall | Tcheck | Ttotal | Status | Flags |
---|---|---|---|---|---|---|
r-devel-linux-x86_64-debian-clang | 0.2.1 | 58.48 | 40.45 | 98.93 | OK | |
r-devel-linux-x86_64-debian-gcc | 0.2.1 | 41.17 | 30.72 | 71.89 | OK | |
r-devel-linux-x86_64-fedora-clang | 0.2.1 | 180.11 | OK | |||
r-devel-linux-x86_64-fedora-gcc | 0.2.1 | 161.15 | OK | |||
r-devel-windows-x86_64 | 0.2.1 | 69.00 | 82.00 | 151.00 | OK | |
r-patched-linux-x86_64 | 0.2.1 | 59.89 | 37.48 | 97.37 | OK | |
r-release-linux-x86_64 | 0.2.1 | 55.47 | 37.40 | 92.87 | OK | |
r-release-macos-arm64 | 0.2.1 | 42.00 | OK | |||
r-release-macos-x86_64 | 0.2.1 | 61.00 | OK | |||
r-release-windows-x86_64 | 0.2.1 | 71.00 | 81.00 | 152.00 | OK | |
r-oldrel-macos-arm64 | 0.2.1 | 44.00 | NOTE | |||
r-oldrel-macos-x86_64 | 0.2.1 | 51.00 | NOTE | |||
r-oldrel-windows-x86_64 | 0.2.1 | 80.00 | 99.00 | 179.00 | OK |
Version: 0.2.1
Check: installed package size
Result: NOTE
installed size is 5.7Mb
sub-directories of 1Mb or more:
help 2.6Mb
libs 3.1Mb
Flavors: r-oldrel-macos-arm64, r-oldrel-macos-x86_64