Last updated on 2025-07-18 08:50:52 CEST.
Flavor | Version | Tinstall | Tcheck | Ttotal | Status | Flags |
---|---|---|---|---|---|---|
r-devel-linux-x86_64-debian-clang | 0.2.1 | 11.88 | 113.47 | 125.35 | NOTE | |
r-devel-linux-x86_64-debian-gcc | 0.2.1 | 7.49 | 84.37 | 91.86 | NOTE | |
r-devel-linux-x86_64-fedora-clang | 0.2.1 | 197.19 | OK | |||
r-devel-linux-x86_64-fedora-gcc | 0.2.1 | 199.68 | OK | |||
r-devel-windows-x86_64 | 0.2.1 | 13.00 | 135.00 | 148.00 | OK | |
r-patched-linux-x86_64 | 0.2.1 | 10.88 | 106.74 | 117.62 | OK | |
r-release-linux-x86_64 | 0.2.1 | 8.65 | 106.84 | 115.49 | OK | |
r-release-macos-arm64 | 0.2.1 | 78.00 | OK | |||
r-release-macos-x86_64 | 0.2.1 | 131.00 | OK | |||
r-release-windows-x86_64 | 0.2.1 | 13.00 | 134.00 | 147.00 | OK | |
r-oldrel-macos-arm64 | 0.2.1 | 62.00 | OK | |||
r-oldrel-macos-x86_64 | 0.2.1 | 115.00 | OK | |||
r-oldrel-windows-x86_64 | 0.2.1 | 16.00 | 163.00 | 179.00 | OK |
Version: 0.2.1
Check: CRAN incoming feasibility
Result: NOTE
Maintainer: ‘Yiran Zhang <yiz038@health.ucsd.edu>’
No Authors@R field in DESCRIPTION.
Please add one, modifying
Authors@R: c(person(given = "Yiran",
family = "Zhang",
role = c("aut", "cre"),
email = "yiz038@health.ucsd.edu"),
person(given = "Ronghui",
family = "Xu",
role = "aut"))
as necessary.
Flavors: r-devel-linux-x86_64-debian-clang, r-devel-linux-x86_64-debian-gcc