Last updated on 2025-07-18 08:50:52 CEST.
Flavor | Version | Tinstall | Tcheck | Ttotal | Status | Flags |
---|---|---|---|---|---|---|
r-devel-linux-x86_64-debian-clang | 0.9.2 | 6.87 | 60.30 | 67.17 | NOTE | |
r-devel-linux-x86_64-debian-gcc | 0.9.2 | 6.25 | 46.33 | 52.58 | NOTE | |
r-devel-linux-x86_64-fedora-clang | 0.9.2 | 104.81 | NOTE | |||
r-devel-linux-x86_64-fedora-gcc | 0.9.2 | 99.22 | NOTE | |||
r-devel-windows-x86_64 | 0.9.2 | 10.00 | 71.00 | 81.00 | NOTE | |
r-patched-linux-x86_64 | 0.9.2 | 7.28 | 57.69 | 64.97 | NOTE | |
r-release-linux-x86_64 | 0.9.2 | 7.39 | 57.33 | 64.72 | NOTE | |
r-release-macos-arm64 | 0.9.2 | 54.00 | NOTE | |||
r-release-macos-x86_64 | 0.9.2 | 88.00 | NOTE | |||
r-release-windows-x86_64 | 0.9.2 | 11.00 | 73.00 | 84.00 | NOTE | |
r-oldrel-macos-arm64 | 0.9.2 | 33.00 | NOTE | |||
r-oldrel-macos-x86_64 | 0.9.2 | 49.00 | NOTE | |||
r-oldrel-windows-x86_64 | 0.9.2 | 13.00 | 90.00 | 103.00 | NOTE |
Version: 0.9.2
Check: CRAN incoming feasibility
Result: NOTE
Maintainer: ‘Stephan Dlugosz <stephan.dlugosz@googlemail.com>’
No Authors@R field in DESCRIPTION.
Please add one, modifying
Authors@R: c(person(given = "Stephan",
family = "Dlugosz",
role = c("aut", "cre"),
email = "stephan.dlugosz@googlemail.com"),
person(given = "Limin",
family = "Peng",
role = "aut"),
person(given = "Ruosha",
family = "Li",
role = "aut"),
person(given = "Shuolin",
family = "Shi",
role = "ctb"))
as necessary.
Flavors: r-devel-linux-x86_64-debian-clang, r-devel-linux-x86_64-debian-gcc
Version: 0.9.2
Check: Rd files
Result: NOTE
checkRd: (-1) plot.predict.crrQR.Rd:18: Escaped LaTeX specials: \#
checkRd: (-1) plot.predict.crrQR.Rd:22: Escaped LaTeX specials: \#
Flavors: r-devel-linux-x86_64-debian-clang, r-devel-linux-x86_64-debian-gcc, r-devel-linux-x86_64-fedora-clang, r-devel-linux-x86_64-fedora-gcc, r-devel-windows-x86_64, r-patched-linux-x86_64, r-release-linux-x86_64, r-release-macos-arm64, r-release-macos-x86_64, r-release-windows-x86_64, r-oldrel-macos-arm64, r-oldrel-macos-x86_64, r-oldrel-windows-x86_64