CRAN Package Check Results for Package cfmortality

Last updated on 2025-11-06 07:49:29 CET.

Flavor Version Tinstall Tcheck Ttotal Status Flags
r-devel-linux-x86_64-debian-clang 0.3.0 1.66 17.82 19.48 OK
r-devel-linux-x86_64-debian-gcc 0.3.0 1.42 14.95 16.37 OK
r-devel-linux-x86_64-fedora-clang 0.3.0 28.19 OK
r-devel-linux-x86_64-fedora-gcc 0.3.0 28.61 OK
r-devel-windows-x86_64 0.3.0 2.00 31.00 33.00 OK
r-patched-linux-x86_64 0.3.0 1.58 16.45 18.03 OK
r-release-linux-x86_64 0.3.0 1.56 16.64 18.20 OK
r-release-macos-arm64 0.3.0 1.00 17.00 18.00 OK
r-release-macos-x86_64 0.3.0 1.00 20.00 21.00 OK
r-release-windows-x86_64 0.3.0 2.00 32.00 34.00 OK
r-oldrel-macos-arm64 0.3.0 1.00 19.00 20.00 NOTE
r-oldrel-macos-x86_64 0.3.0 1.00 20.00 21.00 NOTE
r-oldrel-windows-x86_64 0.3.0 3.00 33.00 36.00 NOTE

Check Details

Version: 0.3.0
Check: LazyData
Result: NOTE 'LazyData' is specified without a 'data' directory Flavors: r-oldrel-macos-arm64, r-oldrel-macos-x86_64, r-oldrel-windows-x86_64