CRAN Package Check Results for Package centiserve

Last updated on 2025-07-18 08:50:52 CEST.

Flavor Version Tinstall Tcheck Ttotal Status Flags
r-devel-linux-x86_64-debian-clang 1.0.0 7.52 70.11 77.63 NOTE
r-devel-linux-x86_64-debian-gcc 1.0.0 5.38 50.44 55.82 NOTE
r-devel-linux-x86_64-fedora-clang 1.0.0 121.24 NOTE
r-devel-linux-x86_64-fedora-gcc 1.0.0 126.89 NOTE
r-devel-windows-x86_64 1.0.0 9.00 81.00 90.00 NOTE
r-patched-linux-x86_64 1.0.0 7.12 66.35 73.47 NOTE
r-release-linux-x86_64 1.0.0 7.92 65.86 73.78 NOTE
r-release-macos-arm64 1.0.0 41.00 NOTE
r-release-macos-x86_64 1.0.0 64.00 NOTE
r-release-windows-x86_64 1.0.0 10.00 86.00 96.00 NOTE
r-oldrel-macos-arm64 1.0.0 35.00 NOTE
r-oldrel-macos-x86_64 1.0.0 60.00 NOTE
r-oldrel-windows-x86_64 1.0.0 13.00 115.00 128.00 NOTE

Check Details

Version: 1.0.0
Check: CRAN incoming feasibility
Result: NOTE Maintainer: ‘Mahdi Jalili <m_jalili@farabi.tums.ac.ir>’ No Authors@R field in DESCRIPTION. Please add one, modifying Authors@R: person(given = "Mahdi", family = "Jalili", role = c("aut", "cre"), email = "m_jalili@farabi.tums.ac.ir") as necessary. Flavors: r-devel-linux-x86_64-debian-clang, r-devel-linux-x86_64-debian-gcc

Version: 1.0.0
Check: Rd files
Result: NOTE checkRd: (-1) centroid.Rd:22: Lost braces; missing escapes or markup? 22 | Centroid value C_{cen}(v) for node v defined as: | ^ checkRd: (-1) clusterrank.Rd:23: Lost braces; missing escapes or markup? 23 | where the term f(c_{i}) accounts for the effect of i's local clustering and the term '+1' results from the contribution of \eqn{j}{j} itself. \cr | ^ Flavors: r-devel-linux-x86_64-debian-clang, r-devel-linux-x86_64-debian-gcc, r-devel-linux-x86_64-fedora-clang, r-devel-linux-x86_64-fedora-gcc, r-devel-windows-x86_64, r-patched-linux-x86_64, r-release-linux-x86_64, r-release-macos-arm64, r-release-macos-x86_64, r-release-windows-x86_64, r-oldrel-macos-arm64, r-oldrel-macos-x86_64, r-oldrel-windows-x86_64