CRAN Package Check Results for Package censReg

Last updated on 2025-07-18 08:50:52 CEST.

Flavor Version Tinstall Tcheck Ttotal Status Flags
r-devel-linux-x86_64-debian-clang 0.5-38 5.04 81.90 86.94 NOTE
r-devel-linux-x86_64-debian-gcc 0.5-38 4.16 57.58 61.74 NOTE
r-devel-linux-x86_64-fedora-clang 0.5-38 134.80 OK
r-devel-linux-x86_64-fedora-gcc 0.5-38 153.51 OK
r-devel-windows-x86_64 0.5-38 7.00 115.00 122.00 OK
r-patched-linux-x86_64 0.5-38 5.16 77.15 82.31 OK
r-release-linux-x86_64 0.5-38 4.46 76.54 81.00 OK
r-release-macos-arm64 0.5-38 57.00 OK
r-release-macos-x86_64 0.5-38 135.00 OK
r-release-windows-x86_64 0.5-38 6.00 116.00 122.00 OK
r-oldrel-macos-arm64 0.5-38 62.00 OK
r-oldrel-macos-x86_64 0.5-38 85.00 OK
r-oldrel-windows-x86_64 0.5-38 8.00 133.00 141.00 OK

Check Details

Version: 0.5-38
Check: CRAN incoming feasibility
Result: NOTE Maintainer: ‘Arne Henningsen <arne.henningsen@gmail.com>’ No Authors@R field in DESCRIPTION. Please add one, modifying Authors@R: person(given = "Arne", family = "Henningsen", role = c("aut", "cre"), email = "arne.henningsen@gmail.com") as necessary. Flavors: r-devel-linux-x86_64-debian-clang, r-devel-linux-x86_64-debian-gcc