Last updated on 2025-10-26 18:50:06 CET.
| Flavor | Version | Tinstall | Tcheck | Ttotal | Status | Flags |
|---|---|---|---|---|---|---|
| r-devel-linux-x86_64-debian-clang | 1.42 | 9.93 | 165.46 | 175.39 | NOTE | |
| r-devel-linux-x86_64-debian-gcc | 1.42 | 5.97 | 103.12 | 109.09 | NOTE | |
| r-devel-linux-x86_64-fedora-clang | 1.42 | 12.00 | 246.67 | 258.67 | OK | |
| r-devel-linux-x86_64-fedora-gcc | 1.42 | 17.00 | 254.36 | 271.36 | OK | |
| r-devel-windows-x86_64 | 1.42 | 10.00 | 152.00 | 162.00 | OK | |
| r-patched-linux-x86_64 | 1.42 | 8.37 | 152.01 | 160.38 | OK | |
| r-release-linux-x86_64 | 1.42 | 8.92 | 152.62 | 161.54 | OK | |
| r-release-macos-arm64 | 1.42 | 4.00 | 75.00 | 79.00 | OK | |
| r-release-macos-x86_64 | 1.42 | 6.00 | 132.00 | 138.00 | OK | |
| r-release-windows-x86_64 | 1.42 | 11.00 | 151.00 | 162.00 | OK | |
| r-oldrel-macos-arm64 | 1.42 | 3.00 | 60.00 | 63.00 | OK | |
| r-oldrel-macos-x86_64 | 1.42 | 5.00 | 101.00 | 106.00 | OK | |
| r-oldrel-windows-x86_64 | 1.42 | 14.00 | 213.00 | 227.00 | OK |
Version: 1.42
Check: CRAN incoming feasibility
Result: NOTE
Maintainer: ‘Joel Barnes <j@barnzilla.ca>’
Package CITATION file contains call(s) to old-style citEntry(). Please
use bibentry() instead.
Flavors: r-devel-linux-x86_64-debian-clang, r-devel-linux-x86_64-debian-gcc