Last updated on 2025-10-27 07:49:55 CET.
| Flavor | Version | Tinstall | Tcheck | Ttotal | Status | Flags |
|---|---|---|---|---|---|---|
| r-devel-linux-x86_64-debian-clang | 1.3.3 | 52.74 | 305.91 | 358.65 | OK | |
| r-devel-linux-x86_64-debian-gcc | 1.3.3 | 31.59 | 258.82 | 290.41 | OK | |
| r-devel-linux-x86_64-fedora-clang | 1.3.3 | 45.00 | 566.49 | 611.49 | OK | |
| r-devel-linux-x86_64-fedora-gcc | 1.3.3 | 66.00 | 510.83 | 576.83 | OK | |
| r-devel-windows-x86_64 | 1.3.3 | 64.00 | 366.00 | 430.00 | OK | |
| r-patched-linux-x86_64 | 1.3.3 | 53.63 | 286.44 | 340.07 | OK | |
| r-release-linux-x86_64 | 1.3.3 | 54.97 | 284.62 | 339.59 | OK | |
| r-release-macos-arm64 | 1.3.3 | 19.00 | 226.00 | 245.00 | OK | |
| r-release-macos-x86_64 | 1.3.3 | 61.00 | 696.00 | 757.00 | OK | |
| r-release-windows-x86_64 | 1.3.3 | 61.00 | 363.00 | 424.00 | OK | |
| r-oldrel-macos-arm64 | 1.3.3 | 20.00 | 233.00 | 253.00 | OK | |
| r-oldrel-macos-x86_64 | 1.3.3 | 57.00 | 672.00 | 729.00 | NOTE | |
| r-oldrel-windows-x86_64 | 1.3.3 | 72.00 | 442.00 | 514.00 | OK |
Version: 1.3.3
Check: installed package size
Result: NOTE
installed size is 5.7Mb
sub-directories of 1Mb or more:
libs 5.5Mb
Flavor: r-oldrel-macos-x86_64