Last updated on 2025-10-27 07:49:55 CET.
| Flavor | Version | Tinstall | Tcheck | Ttotal | Status | Flags |
|---|---|---|---|---|---|---|
| r-devel-linux-x86_64-debian-clang | 0.2.0 | 89.78 | 59.08 | 148.86 | OK | |
| r-devel-linux-x86_64-debian-gcc | 0.2.0 | 58.39 | 45.52 | 103.91 | OK | |
| r-devel-linux-x86_64-fedora-clang | 0.2.0 | 183.00 | 111.92 | 294.92 | OK | |
| r-devel-linux-x86_64-fedora-gcc | 0.2.0 | 170.00 | 93.50 | 263.50 | OK | |
| r-devel-windows-x86_64 | 0.2.0 | 102.00 | 99.00 | 201.00 | OK | |
| r-patched-linux-x86_64 | 0.2.0 | 86.88 | 56.40 | 143.28 | OK | |
| r-release-linux-x86_64 | 0.2.0 | 84.59 | 55.88 | 140.47 | OK | |
| r-release-macos-arm64 | 0.2.0 | 33.00 | 77.00 | 110.00 | OK | |
| r-release-macos-x86_64 | 0.2.0 | 34.00 | 194.00 | 228.00 | OK | |
| r-release-windows-x86_64 | 0.2.0 | 102.00 | 98.00 | 200.00 | OK | |
| r-oldrel-macos-arm64 | 0.2.0 | 29.00 | 35.00 | 64.00 | NOTE | |
| r-oldrel-macos-x86_64 | 0.2.0 | 32.00 | 155.00 | 187.00 | NOTE | |
| r-oldrel-windows-x86_64 | 0.2.0 | 104.00 | 119.00 | 223.00 | OK |
Version: 0.2.0
Check: installed package size
Result: NOTE
installed size is 8.4Mb
sub-directories of 1Mb or more:
extdata 1.2Mb
libs 7.0Mb
Flavors: r-oldrel-macos-arm64, r-oldrel-macos-x86_64